Last updated on 2023-03-20 13:53:19 CET.
Flavor | Version | Tinstall | Tcheck | Ttotal | Status | Flags |
---|---|---|---|---|---|---|
r-devel-linux-x86_64-debian-clang | 1.0.0 | NOTE | ||||
r-devel-linux-x86_64-debian-gcc | 1.0.0 | 19.55 | 32.70 | 52.25 | NOTE | |
r-devel-linux-x86_64-fedora-clang | 1.0.0 | 88.68 | NOTE | |||
r-devel-linux-x86_64-fedora-gcc | 1.0.0 | 102.82 | NOTE | |||
r-patched-linux-x86_64 | 1.0.0 | 18.71 | 40.86 | 59.57 | NOTE | |
r-release-linux-x86_64 | 1.0.0 | 18.49 | 40.48 | 58.97 | NOTE | |
r-release-macos-arm64 | 1.0.0 | 37.00 | NOTE | |||
r-release-macos-x86_64 | 1.0.0 | 45.00 | NOTE | |||
r-release-windows-x86_64 | 1.0.0 | 31.00 | 516.00 | 547.00 | NOTE | |
r-oldrel-macos-arm64 | 1.0.0 | 40.00 | NOTE | |||
r-oldrel-macos-x86_64 | 1.0.0 | 68.00 | NOTE | |||
r-oldrel-windows-ix86+x86_64 | 1.0.0 | 53.00 | 104.00 | 157.00 | NOTE |
Version: 1.0.0
Check: LazyData
Result: NOTE
'LazyData' is specified without a 'data' directory
Flavors: r-devel-linux-x86_64-debian-clang, r-devel-linux-x86_64-debian-gcc, r-devel-linux-x86_64-fedora-clang, r-devel-linux-x86_64-fedora-gcc, r-patched-linux-x86_64, r-release-linux-x86_64, r-release-macos-arm64, r-release-macos-x86_64, r-release-windows-x86_64, r-oldrel-macos-arm64, r-oldrel-macos-x86_64, r-oldrel-windows-ix86+x86_64