CRAN Package Check Results for Package pulseTD

Last updated on 2022-05-22 06:52:08 CEST.

Flavor Version Tinstall Tcheck Ttotal Status Flags
r-devel-linux-x86_64-debian-clang 0.1.0 48.37 521.52 569.89 OK
r-devel-linux-x86_64-debian-gcc 0.1.0 47.10 383.95 431.05 OK
r-devel-linux-x86_64-fedora-clang 0.1.0 728.94 OK
r-devel-linux-x86_64-fedora-gcc 0.1.0 697.26 OK
r-devel-windows-x86_64 0.1.0 56.00 525.00 581.00 OK
r-patched-linux-x86_64 0.1.0 46.42 480.59 527.01 OK
r-release-linux-x86_64 0.1.0 36.29 479.80 516.09 OK
r-release-macos-arm64 0.1.0 181.00 OK
r-release-macos-x86_64 0.1.0 327.00 OK
r-release-windows-x86_64 0.1.0 60.00 508.00 568.00 OK
r-oldrel-macos-arm64 0.1.0 237.00 OK
r-oldrel-macos-x86_64 0.1.0 242.00 OK
r-oldrel-windows-ix86+x86_64 0.1.0 109.00 487.00 596.00 WARN

Check Details

Version: 0.1.0
Check: re-building of vignette outputs
Result: WARN
    Error(s) in re-building vignettes:
    --- re-building 'tutorial.Rmd' using rmarkdown
    Loading required package: GenomicFeatures
    Loading required package: BiocGenerics
    
    Attaching package: 'BiocGenerics'
    
    The following objects are masked from 'package:stats':
    
     IQR, mad, sd, var, xtabs
    
    The following objects are masked from 'package:base':
    
     Filter, Find, Map, Position, Reduce, anyDuplicated, append,
     as.data.frame, basename, cbind, colnames, dirname, do.call,
     duplicated, eval, evalq, get, grep, grepl, intersect, is.unsorted,
     lapply, mapply, match, mget, order, paste, pmax, pmax.int, pmin,
     pmin.int, rank, rbind, rownames, sapply, setdiff, sort, table,
     tapply, union, unique, unsplit, which.max, which.min
    
    Loading required package: S4Vectors
    Loading required package: stats4
    
    Attaching package: 'S4Vectors'
    
    The following objects are masked from 'package:base':
    
     I, expand.grid, unname
    
    Loading required package: IRanges
    
    Attaching package: 'IRanges'
    
    The following object is masked from 'package:grDevices':
    
     windows
    
    Loading required package: GenomeInfoDb
    Loading required package: GenomicRanges
    Loading required package: AnnotationDbi
    Loading required package: Biobase
    Welcome to Bioconductor
    
     Vignettes contain introductory material; view with
     'browseVignettes()'. To cite Bioconductor, see
     'citation("Biobase")', and for packages 'citation("pkgname")'.
    
    ! Package pdftex.def Error: File `d:/RCompile/CRANpkg/local/4.1/pulseTD.Rcheck/
    vign_test/pulseTD/vignettes/tutorial_files/figure-latex/plotRatest,any\%20time-
    1.pdf' not found.
    
    Error: processing vignette 'tutorial.Rmd' failed with diagnostics:
    LaTeX failed to compile d:/RCompile/CRANpkg/local/4.1/pulseTD.Rcheck/vign_test/pulseTD/vignettes/tutorial.tex. See https://yihui.org/tinytex/r/#debugging for debugging tips. See tutorial.log for more info.
    --- failed re-building 'tutorial.Rmd'
    
    SUMMARY: processing the following file failed:
     'tutorial.Rmd'
    
    Error: Vignette re-building failed.
    Execution halted
Flavor: r-oldrel-windows-ix86+x86_64