CRAN Package Check Results for Package qdapTools

Last updated on 2022-05-22 07:53:21 CEST.

Flavor Version Tinstall Tcheck Ttotal Status Flags
r-devel-linux-x86_64-debian-clang 1.3.5 5.34 59.67 65.01 NOTE
r-devel-linux-x86_64-debian-gcc 1.3.5 3.76 43.82 47.58 NOTE
r-devel-linux-x86_64-fedora-clang 1.3.5 74.35 NOTE
r-devel-linux-x86_64-fedora-gcc 1.3.5 73.45 NOTE
r-devel-windows-x86_64 1.3.5 47.00 70.00 117.00 NOTE
r-patched-linux-x86_64 1.3.5 3.24 56.70 59.94 NOTE
r-release-linux-x86_64 1.3.5 4.82 55.01 59.83 NOTE
r-release-macos-arm64 1.3.5 24.00 NOTE
r-release-macos-x86_64 1.3.5 33.00 NOTE
r-release-windows-x86_64 1.3.5 43.00 73.00 116.00 NOTE
r-oldrel-macos-arm64 1.3.5 29.00 NOTE
r-oldrel-macos-x86_64 1.3.5 43.00 NOTE
r-oldrel-windows-ix86+x86_64 1.3.5 10.00 68.00 78.00 NOTE

Check Details

Version: 1.3.5
Check: LazyData
Result: NOTE
     'LazyData' is specified without a 'data' directory
Flavors: r-devel-linux-x86_64-debian-clang, r-devel-linux-x86_64-debian-gcc, r-devel-linux-x86_64-fedora-clang, r-devel-linux-x86_64-fedora-gcc, r-devel-windows-x86_64, r-patched-linux-x86_64, r-release-linux-x86_64, r-release-macos-arm64, r-release-macos-x86_64, r-release-windows-x86_64, r-oldrel-macos-arm64, r-oldrel-macos-x86_64, r-oldrel-windows-ix86+x86_64