CRAN Package Check Results for Package qfasar

Last updated on 2022-05-17 20:51:27 CEST.

Flavor Version Tinstall Tcheck Ttotal Status Flags
r-devel-linux-x86_64-debian-clang 1.2.1 6.55 62.28 68.83 NOTE
r-devel-linux-x86_64-debian-gcc 1.2.1 4.49 47.15 51.64 NOTE
r-devel-linux-x86_64-fedora-clang 1.2.1 81.28 NOTE
r-devel-linux-x86_64-fedora-gcc 1.2.1 79.21 NOTE
r-devel-windows-x86_64 1.2.1 26.00 91.00 117.00 NOTE
r-patched-linux-x86_64 1.2.1 5.46 61.22 66.68 NOTE
r-release-linux-x86_64 1.2.1 4.14 59.65 63.79 NOTE
r-release-macos-arm64 1.2.1 25.00 NOTE
r-release-macos-x86_64 1.2.1 36.00 NOTE
r-release-windows-x86_64 1.2.1 23.00 86.00 109.00 NOTE
r-oldrel-macos-arm64 1.2.1 28.00 NOTE
r-oldrel-macos-x86_64 1.2.1 47.00 NOTE
r-oldrel-windows-ix86+x86_64 1.2.1 10.00 73.00 83.00 NOTE

Check Details

Version: 1.2.1
Check: LazyData
Result: NOTE
     'LazyData' is specified without a 'data' directory
Flavors: r-devel-linux-x86_64-debian-clang, r-devel-linux-x86_64-debian-gcc, r-devel-linux-x86_64-fedora-clang, r-devel-linux-x86_64-fedora-gcc, r-devel-windows-x86_64, r-patched-linux-x86_64, r-release-linux-x86_64, r-release-macos-arm64, r-release-macos-x86_64, r-release-windows-x86_64, r-oldrel-macos-arm64, r-oldrel-macos-x86_64, r-oldrel-windows-ix86+x86_64