CRAN Package Check Results for Package qpmadr

Last updated on 2022-05-23 20:53:45 CEST.

Flavor Version Tinstall Tcheck Ttotal Status Flags
r-devel-linux-x86_64-debian-clang 1.1.0-0 40.82 37.95 78.77 OK
r-devel-linux-x86_64-debian-gcc 1.1.0-0 30.37 31.03 61.40 OK
r-devel-linux-x86_64-fedora-clang 1.1.0-0 106.13 NOTE
r-devel-linux-x86_64-fedora-gcc 1.1.0-0 87.80 OK
r-devel-windows-x86_64 1.1.0-0 34.00 79.00 113.00 OK
r-patched-linux-x86_64 1.1.0-0 37.70 39.39 77.09 OK
r-release-linux-x86_64 1.1.0-0 OK
r-release-macos-arm64 1.1.0-0 30.00 NOTE
r-release-macos-x86_64 1.1.0-0 37.00 NOTE
r-release-windows-x86_64 1.1.0-0 40.00 79.00 119.00 OK
r-oldrel-macos-arm64 1.1.0-0 39.00 NOTE
r-oldrel-macos-x86_64 1.1.0-0 36.00 NOTE
r-oldrel-windows-ix86+x86_64 1.1.0-0 89.00 79.00 168.00 OK

Check Details

Version: 1.1.0-0
Check: installed package size
Result: NOTE
     installed size is 7.3Mb
     sub-directories of 1Mb or more:
     libs 7.1Mb
Flavors: r-devel-linux-x86_64-fedora-clang, r-release-macos-arm64, r-release-macos-x86_64, r-oldrel-macos-arm64, r-oldrel-macos-x86_64