CRAN Package Check Results for Package qrLMM

Last updated on 2022-05-16 06:52:32 CEST.

Flavor Version Tinstall Tcheck Ttotal Status Flags
r-devel-linux-x86_64-debian-clang 2.1 0.33 11.16 11.49 ERROR
r-devel-linux-x86_64-debian-gcc 2.1 0.34 8.75 9.09 ERROR
r-devel-linux-x86_64-fedora-clang 2.1 12.70 ERROR
r-devel-linux-x86_64-fedora-gcc 2.1 12.63 ERROR
r-devel-windows-x86_64 2.1 14.00 122.00 136.00 OK
r-patched-linux-x86_64 2.1 13.62 123.15 136.77 OK
r-release-linux-x86_64 2.1 15.82 124.07 139.89 OK
r-release-macos-arm64 2.1 75.00 OK
r-release-macos-x86_64 2.1 128.00 OK
r-release-windows-x86_64 2.1 21.00 124.00 145.00 OK
r-oldrel-macos-arm64 2.1 103.00 OK
r-oldrel-macos-x86_64 2.1 95.00 OK
r-oldrel-windows-ix86+x86_64 2.1 26.00 117.00 143.00 OK

Check Details

Version: 2.1
Check: package dependencies
Result: ERROR
    Package required but not available: 'lqr'
    
    See section 'The DESCRIPTION file' in the 'Writing R Extensions'
    manual.
Flavors: r-devel-linux-x86_64-debian-clang, r-devel-linux-x86_64-debian-gcc, r-devel-linux-x86_64-fedora-clang, r-devel-linux-x86_64-fedora-gcc