Last updated on 2022-05-19 12:55:37 CEST.
Flavor | Version | Tinstall | Tcheck | Ttotal | Status | Flags |
---|---|---|---|---|---|---|
r-devel-linux-x86_64-debian-clang | 2.0-3 | 16.90 | 142.10 | 159.00 | NOTE | |
r-devel-linux-x86_64-debian-gcc | 2.0-3 | 12.46 | 106.67 | 119.13 | NOTE | |
r-devel-linux-x86_64-fedora-clang | 2.0-6 | 179.07 | OK | |||
r-devel-linux-x86_64-fedora-gcc | 2.0-6 | 179.64 | OK | |||
r-devel-windows-x86_64 | 2.0-3 | 26.00 | 154.00 | 180.00 | NOTE | |
r-patched-linux-x86_64 | 2.0-3 | 17.90 | 137.31 | 155.21 | OK | |
r-release-linux-x86_64 | 2.0-3 | 17.04 | 134.86 | 151.90 | OK | |
r-release-macos-arm64 | 2.0-3 | 71.00 | OK | |||
r-release-macos-x86_64 | 2.0-3 | 74.00 | OK | |||
r-release-windows-x86_64 | 2.0-3 | 28.00 | 150.00 | 178.00 | OK | |
r-oldrel-macos-arm64 | 2.0-3 | 64.00 | OK | |||
r-oldrel-macos-x86_64 | 2.0-3 | 110.00 | OK | |||
r-oldrel-windows-ix86+x86_64 | 2.0-6 | 37.00 | 175.00 | 212.00 | OK |
Version: 2.0-3
Check: Rd files
Result: NOTE
checkRd: (7) predict.qrjoint.Rd:18: \item in \value must have non-empty label
checkRd: (7) predict.qrjoint.Rd:19: \item in \value must have non-empty label
Flavors: r-devel-linux-x86_64-debian-clang, r-devel-linux-x86_64-debian-gcc, r-devel-windows-x86_64
Version: 2.0-3
Check: HTML version of manual
Result: NOTE
Found the following problems:
predict.qrjoint.Rd:69:38: Warning: trimming empty <code>
predict.qrjoint.Rd:73:38: Warning: trimming empty <code>
Flavors: r-devel-linux-x86_64-debian-clang, r-devel-linux-x86_64-debian-gcc