Last updated on 2022-05-17 01:50:57 CEST.
Flavor | Version | Tinstall | Tcheck | Ttotal | Status | Flags |
---|---|---|---|---|---|---|
r-devel-linux-x86_64-debian-clang | 2019-12-03-1 | 2.50 | 55.30 | 57.80 | OK | |
r-devel-linux-x86_64-debian-gcc | 2019-12-03-1 | 2.53 | 43.78 | 46.31 | OK | |
r-devel-linux-x86_64-fedora-clang | 2019-12-03-1 | 69.94 | NOTE | |||
r-devel-linux-x86_64-fedora-gcc | 2019-12-03-1 | 68.74 | OK | |||
r-devel-windows-x86_64 | 2019-12-03-1 | 22.00 | 81.00 | 103.00 | NOTE | |
r-patched-linux-x86_64 | 2019-12-03-1 | 4.20 | 53.28 | 57.48 | OK | |
r-release-linux-x86_64 | 2019-12-03-1 | 3.08 | 53.52 | 56.60 | OK | |
r-release-macos-arm64 | 2019-12-03-1 | 26.00 | NOTE | |||
r-release-macos-x86_64 | 2019-12-03-1 | 40.00 | NOTE | |||
r-release-windows-x86_64 | 2019-12-03-1 | 18.00 | 80.00 | 98.00 | NOTE | |
r-oldrel-macos-arm64 | 2019-12-03-1 | 32.00 | NOTE | |||
r-oldrel-macos-x86_64 | 2019-12-03-1 | 45.00 | NOTE | |||
r-oldrel-windows-ix86+x86_64 | 2019-12-03-1 | 8.00 | 73.00 | 81.00 | NOTE |
Version: 2019-12-03-1
Check: installed package size
Result: NOTE
installed size is 11.0Mb
sub-directories of 1Mb or more:
data 10.8Mb
Flavors: r-devel-linux-x86_64-fedora-clang, r-devel-windows-x86_64, r-release-macos-arm64, r-release-macos-x86_64, r-release-windows-x86_64, r-oldrel-macos-arm64, r-oldrel-macos-x86_64, r-oldrel-windows-ix86+x86_64