CRAN Package Check Results for Package qs

Last updated on 2022-05-20 23:52:14 CEST.

Flavor Version Tinstall Tcheck Ttotal Status Flags
r-devel-linux-x86_64-debian-clang 0.25.3 40.99 833.98 874.97 OK
r-devel-linux-x86_64-debian-gcc 0.25.3 43.77 592.08 635.85 OK
r-devel-linux-x86_64-fedora-clang 0.25.3 985.05 NOTE
r-devel-linux-x86_64-fedora-gcc 0.25.3 982.51 NOTE
r-devel-windows-x86_64 0.25.3 92.00 853.00 945.00 OK
r-patched-linux-x86_64 0.25.3 43.27 782.60 825.87 OK
r-release-linux-x86_64 0.25.3 39.67 794.91 834.58 OK
r-release-macos-arm64 0.25.3 153.00 NOTE
r-release-macos-x86_64 0.25.3 364.00 NOTE
r-release-windows-x86_64 0.25.3 84.00 855.00 939.00 OK
r-oldrel-macos-arm64 0.25.3 155.00 NOTE
r-oldrel-macos-x86_64 0.25.3 188.00 NOTE
r-oldrel-windows-ix86+x86_64 0.25.3 217.00 1723.00 1940.00 NOTE

Check Details

Version: 0.25.3
Check: installed package size
Result: NOTE
     installed size is 5.5Mb
     sub-directories of 1Mb or more:
     doc 1.1Mb
     libs 4.1Mb
Flavors: r-devel-linux-x86_64-fedora-clang, r-release-macos-arm64, r-release-macos-x86_64, r-oldrel-macos-arm64, r-oldrel-macos-x86_64, r-oldrel-windows-ix86+x86_64

Version: 0.25.3
Check: dependencies in R code
Result: NOTE
    Namespace in Imports field not imported from: ‘Rcpp’
     All declared Imports should be used.
Flavors: r-devel-linux-x86_64-fedora-clang, r-devel-linux-x86_64-fedora-gcc, r-release-macos-arm64, r-release-macos-x86_64, r-oldrel-macos-arm64, r-oldrel-macos-x86_64