CRAN Package Check Results for Package qst

Last updated on 2022-05-20 20:54:42 CEST.

Flavor Version Tinstall Tcheck Ttotal Status Flags
r-devel-linux-x86_64-debian-clang 0.1.2 6.57 62.18 68.75 NOTE
r-devel-linux-x86_64-debian-gcc 0.1.2 5.36 45.87 51.23 NOTE
r-devel-linux-x86_64-fedora-clang 0.1.2 80.34 NOTE
r-devel-linux-x86_64-fedora-gcc 0.1.2 78.19 NOTE
r-devel-windows-x86_64 0.1.2 11.00 71.00 82.00 NOTE
r-patched-linux-x86_64 0.1.2 5.64 57.73 63.37 NOTE
r-release-linux-x86_64 0.1.2 5.79 58.71 64.50 NOTE
r-release-macos-arm64 0.1.2 23.00 NOTE
r-release-macos-x86_64 0.1.2 41.00 NOTE
r-release-windows-x86_64 0.1.2 12.00 75.00 87.00 NOTE
r-oldrel-macos-arm64 0.1.2 26.00 NOTE
r-oldrel-macos-x86_64 0.1.2 33.00 NOTE
r-oldrel-windows-ix86+x86_64 0.1.2 16.00 71.00 87.00 NOTE

Check Details

Version: 0.1.2
Check: LazyData
Result: NOTE
     'LazyData' is specified without a 'data' directory
Flavors: r-devel-linux-x86_64-debian-clang, r-devel-linux-x86_64-debian-gcc, r-devel-linux-x86_64-fedora-clang, r-devel-linux-x86_64-fedora-gcc, r-devel-windows-x86_64, r-patched-linux-x86_64, r-release-linux-x86_64, r-release-macos-arm64, r-release-macos-x86_64, r-release-windows-x86_64, r-oldrel-macos-arm64, r-oldrel-macos-x86_64, r-oldrel-windows-ix86+x86_64