CRAN Package Check Results for Package qtl2pleio

Last updated on 2022-05-29 07:53:05 CEST.

Flavor Version Tinstall Tcheck Ttotal Status Flags
r-devel-linux-x86_64-debian-clang 1.4.3 89.27 131.11 220.38 NOTE
r-devel-linux-x86_64-debian-gcc 1.4.3 74.63 95.79 170.42 NOTE
r-devel-linux-x86_64-fedora-clang 1.4.3 289.04 NOTE
r-devel-linux-x86_64-fedora-gcc 1.4.3 260.39 NOTE
r-devel-windows-x86_64 1.4.3 82.00 164.00 246.00 NOTE
r-patched-linux-x86_64 1.4.3 82.22 127.72 209.94 NOTE
r-release-linux-x86_64 1.4.3 75.23 127.03 202.26 NOTE
r-release-macos-arm64 1.4.3 69.00 NOTE
r-release-macos-x86_64 1.4.3 120.00 NOTE
r-release-windows-x86_64 1.4.3 88.00 167.00 255.00 NOTE
r-oldrel-macos-arm64 1.4.3 77.00 NOTE
r-oldrel-macos-x86_64 1.4.3 98.00 NOTE
r-oldrel-windows-ix86+x86_64 1.4.3 202.00 273.00 475.00 NOTE

Check Details

Version: 1.4.3
Check: LazyData
Result: NOTE
     'LazyData' is specified without a 'data' directory
Flavors: r-devel-linux-x86_64-debian-clang, r-devel-linux-x86_64-debian-gcc, r-devel-linux-x86_64-fedora-clang, r-devel-linux-x86_64-fedora-gcc, r-devel-windows-x86_64, r-patched-linux-x86_64, r-release-linux-x86_64, r-release-macos-arm64, r-release-macos-x86_64, r-release-windows-x86_64, r-oldrel-macos-arm64, r-oldrel-macos-x86_64, r-oldrel-windows-ix86+x86_64

Version: 1.4.3
Check: installed package size
Result: NOTE
     installed size is 14.3Mb
     sub-directories of 1Mb or more:
     libs 14.0Mb
Flavors: r-devel-linux-x86_64-fedora-clang, r-release-macos-arm64, r-release-macos-x86_64, r-oldrel-macos-arm64, r-oldrel-macos-x86_64