CRAN Package Check Results for Package qtlpoly

Last updated on 2022-09-30 17:50:36 CEST.

Flavor Version Tinstall Tcheck Ttotal Status Flags
r-devel-linux-x86_64-debian-clang 0.2.3 85.86 163.46 249.32 OK
r-devel-linux-x86_64-debian-gcc 0.2.3 70.85 118.42 189.27 OK
r-devel-linux-x86_64-fedora-clang 0.2.3 330.14 OK
r-devel-linux-x86_64-fedora-gcc 0.2.3 316.65 OK
r-devel-windows-x86_64 0.2.3 82.00 203.00 285.00 OK
r-patched-linux-x86_64 0.2.3 74.99 148.98 223.97 OK
r-release-linux-x86_64 0.2.3 71.16 152.93 224.09 OK
r-release-macos-arm64 0.2.3 79.00 NOTE
r-release-macos-x86_64 0.2.3 130.00 NOTE
r-release-windows-x86_64 0.2.3 78.00 195.00 273.00 OK
r-oldrel-macos-arm64 0.2.3 83.00 NOTE
r-oldrel-macos-x86_64 0.2.3 101.00 NOTE
r-oldrel-windows-ix86+x86_64 0.2.3 179.00 237.00 416.00 OK

Check Details

Version: 0.2.3
Check: installed package size
Result: NOTE
     installed size is 6.7Mb
     sub-directories of 1Mb or more:
     libs 5.8Mb
Flavors: r-release-macos-arm64, r-release-macos-x86_64, r-oldrel-macos-arm64, r-oldrel-macos-x86_64