CRAN Package Check Results for Package qualitycontrol

Last updated on 2024-05-27 05:52:26 CEST.

Flavor Version Tinstall Tcheck Ttotal Status Flags
r-devel-linux-x86_64-debian-clang 0.1.0 5.81 64.14 69.95 NOTE
r-devel-linux-x86_64-debian-gcc 0.1.0 4.01 46.93 50.94 NOTE
r-devel-linux-x86_64-fedora-clang 0.1.0 88.65 NOTE
r-devel-linux-x86_64-fedora-gcc 0.1.0 93.87 NOTE
r-devel-windows-x86_64 0.1.0 6.00 66.00 72.00 NOTE
r-patched-linux-x86_64 0.1.0 5.70 59.56 65.26 NOTE
r-release-linux-x86_64 0.1.0 3.13 60.13 63.26 NOTE
r-release-macos-arm64 0.1.0 35.00 NOTE
r-release-windows-x86_64 0.1.0 5.00 66.00 71.00 NOTE
r-oldrel-macos-arm64 0.1.0 37.00 OK
r-oldrel-macos-x86_64 0.1.0 53.00 OK
r-oldrel-windows-x86_64 0.1.0 7.00 77.00 84.00 OK

Check Details

Version: 0.1.0
Check: Rd files
Result: NOTE checkRd: (-1) als_data.Rd:10: Lost braces in \itemize; meant \describe ? checkRd: (-1) als_data.Rd:11: Lost braces in \itemize; meant \describe ? checkRd: (-1) als_data.Rd:12: Lost braces in \itemize; meant \describe ? checkRd: (-1) als_data.Rd:13: Lost braces in \itemize; meant \describe ? checkRd: (-1) als_data.Rd:14: Lost braces in \itemize; meant \describe ? checkRd: (-1) als_data.Rd:15: Lost braces in \itemize; meant \describe ? checkRd: (-1) als_data.Rd:16: Lost braces in \itemize; meant \describe ? checkRd: (-1) als_data.Rd:17: Lost braces in \itemize; meant \describe ? checkRd: (-1) als_data.Rd:18: Lost braces in \itemize; meant \describe ? checkRd: (-1) als_data.Rd:19: Lost braces in \itemize; meant \describe ? checkRd: (-1) als_data.Rd:20: Lost braces in \itemize; meant \describe ? checkRd: (-1) als_data.Rd:21: Lost braces in \itemize; meant \describe ? checkRd: (-1) als_data.Rd:22: Lost braces in \itemize; meant \describe ? checkRd: (-1) als_data.Rd:23: Lost braces in \itemize; meant \describe ? checkRd: (-1) als_data.Rd:24: Lost braces in \itemize; meant \describe ? checkRd: (-1) als_data.Rd:25: Lost braces in \itemize; meant \describe ? checkRd: (-1) als_data.Rd:26: Lost braces in \itemize; meant \describe ? checkRd: (-1) als_data.Rd:27: Lost braces in \itemize; meant \describe ? checkRd: (-1) als_data_qc_mapping.Rd:11: Lost braces in \itemize; meant \describe ? checkRd: (-1) als_data_qc_mapping.Rd:12: Lost braces in \itemize; meant \describe ? checkRd: (-1) als_data_qc_mapping.Rd:13: Lost braces in \itemize; meant \describe ? Flavors: r-devel-linux-x86_64-debian-clang, r-devel-linux-x86_64-debian-gcc, r-devel-linux-x86_64-fedora-clang, r-devel-linux-x86_64-fedora-gcc, r-devel-windows-x86_64, r-patched-linux-x86_64, r-release-linux-x86_64, r-release-macos-arm64, r-release-windows-x86_64