CRAN Package Check Results for Package r2shortcode

Last updated on 2023-05-30 16:00:41 CEST.

Flavor Version Tinstall Tcheck Ttotal Status Flags
r-devel-linux-x86_64-debian-clang 0.1 2.56 25.39 27.95 NOTE
r-devel-linux-x86_64-debian-gcc 0.1 1.95 20.25 22.20 NOTE
r-devel-linux-x86_64-fedora-clang 0.1 35.55 NOTE
r-devel-linux-x86_64-fedora-gcc 0.1 44.16 NOTE
r-devel-windows-x86_64 0.1 4.00 43.00 47.00 NOTE
r-patched-linux-x86_64 0.1 2.68 25.02 27.70 NOTE
r-release-linux-x86_64 0.1 2.00 24.96 26.96 NOTE
r-release-macos-arm64 0.1 21.00 NOTE
r-release-macos-x86_64 0.1 32.00 NOTE
r-release-windows-x86_64 0.1 5.00 45.00 50.00 NOTE
r-oldrel-macos-arm64 0.1 18.00 NOTE
r-oldrel-macos-x86_64 0.1 23.00 NOTE
r-oldrel-windows-x86_64 0.1 4.00 48.00 52.00 NOTE

Check Details

Version: 0.1
Check: LazyData
Result: NOTE
     'LazyData' is specified without a 'data' directory
Flavors: r-devel-linux-x86_64-debian-clang, r-devel-linux-x86_64-debian-gcc, r-devel-linux-x86_64-fedora-clang, r-devel-linux-x86_64-fedora-gcc, r-devel-windows-x86_64, r-patched-linux-x86_64, r-release-linux-x86_64, r-release-macos-arm64, r-release-macos-x86_64, r-release-windows-x86_64, r-oldrel-macos-arm64, r-oldrel-macos-x86_64, r-oldrel-windows-x86_64

Version: 0.1
Check: dependencies in R code
Result: NOTE
    Namespace in Imports field not imported from: ‘magrittr’
     All declared Imports should be used.
Flavors: r-devel-linux-x86_64-fedora-clang, r-devel-linux-x86_64-fedora-gcc, r-oldrel-macos-arm64, r-oldrel-macos-x86_64