CRAN Package Check Results for Package rAmCharts

Last updated on 2022-05-22 23:51:52 CEST.

Flavor Version Tinstall Tcheck Ttotal Status Flags
r-devel-linux-x86_64-debian-clang 2.1.13 19.96 142.03 161.99 OK
r-devel-linux-x86_64-debian-gcc 2.1.13 13.55 103.97 117.52 OK
r-devel-linux-x86_64-fedora-clang 2.1.13 172.90 NOTE
r-devel-linux-x86_64-fedora-gcc 2.1.13 153.36 OK
r-devel-windows-x86_64 2.1.13 530.00 244.00 774.00 NOTE
r-patched-linux-x86_64 2.1.13 19.00 126.40 145.40 OK
r-release-linux-x86_64 2.1.13 14.19 125.54 139.73 OK
r-release-macos-arm64 2.1.13 49.00 NOTE
r-release-macos-x86_64 2.1.13 67.00 NOTE
r-release-windows-x86_64 2.1.13 603.00 258.00 861.00 NOTE
r-oldrel-macos-arm64 2.1.13 52.00 NOTE
r-oldrel-macos-x86_64 2.1.13 98.00 NOTE
r-oldrel-windows-ix86+x86_64 2.1.13 34.00 162.00 196.00 NOTE

Check Details

Version: 2.1.13
Check: installed package size
Result: NOTE
     installed size is 12.1Mb
     sub-directories of 1Mb or more:
     api 3.2Mb
     htmlwidgets 7.1Mb
Flavors: r-devel-linux-x86_64-fedora-clang, r-devel-windows-x86_64, r-release-macos-arm64, r-release-macos-x86_64, r-release-windows-x86_64, r-oldrel-macos-arm64, r-oldrel-macos-x86_64, r-oldrel-windows-ix86+x86_64