CRAN Package Check Results for Package rCAT

Last updated on 2022-05-23 21:53:21 CEST.

Flavor Version Tinstall Tcheck Ttotal Status Flags
r-devel-linux-x86_64-debian-clang 0.1.6 4.10 52.37 56.47 NOTE
r-devel-linux-x86_64-debian-gcc 0.1.6 3.31 40.06 43.37 NOTE
r-devel-linux-x86_64-fedora-clang 0.1.6 65.87 NOTE
r-devel-linux-x86_64-fedora-gcc 0.1.6 53.60 NOTE
r-devel-windows-x86_64 0.1.6 11.00 74.00 85.00 NOTE
r-patched-linux-x86_64 0.1.6 3.71 49.92 53.63 NOTE
r-release-linux-x86_64 0.1.6 NOTE
r-release-macos-arm64 0.1.6 23.00 NOTE
r-release-macos-x86_64 0.1.6 30.00 NOTE
r-release-windows-x86_64 0.1.6 14.00 73.00 87.00 NOTE
r-oldrel-macos-arm64 0.1.6 27.00 NOTE
r-oldrel-macos-x86_64 0.1.6 36.00 NOTE
r-oldrel-windows-ix86+x86_64 0.1.6 10.00 64.00 74.00 NOTE

Check Details

Version: 0.1.6
Check: LazyData
Result: NOTE
     'LazyData' is specified without a 'data' directory
Flavors: r-devel-linux-x86_64-debian-clang, r-devel-linux-x86_64-debian-gcc, r-devel-linux-x86_64-fedora-clang, r-devel-linux-x86_64-fedora-gcc, r-devel-windows-x86_64, r-patched-linux-x86_64, r-release-linux-x86_64, r-release-macos-arm64, r-release-macos-x86_64, r-release-windows-x86_64, r-oldrel-macos-arm64, r-oldrel-macos-x86_64, r-oldrel-windows-ix86+x86_64