Last updated on 2022-05-16 21:50:29 CEST.
Flavor | Version | Tinstall | Tcheck | Ttotal | Status | Flags |
---|---|---|---|---|---|---|
r-devel-linux-x86_64-debian-clang | 1.2-6 | 5.99 | 71.61 | 77.60 | OK | |
r-devel-linux-x86_64-debian-gcc | 1.2-6 | 3.79 | 53.46 | 57.25 | OK | |
r-devel-linux-x86_64-fedora-clang | 1.2-6 | 91.59 | NOTE | |||
r-devel-linux-x86_64-fedora-gcc | 1.2-6 | 89.94 | OK | |||
r-devel-windows-x86_64 | 1.2-6 | 19.00 | 94.00 | 113.00 | OK | |
r-patched-linux-x86_64 | 1.2-6 | 5.15 | 67.99 | 73.14 | OK | |
r-release-linux-x86_64 | 1.2-6 | 4.96 | 68.78 | 73.74 | OK | |
r-release-macos-arm64 | 1.2-6 | 33.00 | OK | |||
r-release-macos-x86_64 | 1.2-6 | 40.00 | OK | |||
r-release-windows-x86_64 | 1.2-6 | 18.00 | 104.00 | 122.00 | OK | |
r-oldrel-macos-arm64 | 1.2-6 | 34.00 | OK | |||
r-oldrel-macos-x86_64 | 1.2-6 | 58.00 | OK | |||
r-oldrel-windows-ix86+x86_64 | 1.2-6 | 15.00 | 121.00 | 136.00 | OK |
Version: 1.2-6
Check: Rd cross-references
Result: NOTE
Undeclared package ‘Rglpk’ in Rd xrefs
Flavor: r-devel-linux-x86_64-fedora-clang