Last updated on 2023-03-28 02:55:02 CEST.
Flavor | Version | Tinstall | Tcheck | Ttotal | Status | Flags |
---|---|---|---|---|---|---|
r-devel-linux-x86_64-debian-clang | 0.2.4 | 48.88 | 143.49 | 192.37 | NOTE | |
r-devel-linux-x86_64-debian-gcc | 0.2.4 | 36.01 | 103.15 | 139.16 | NOTE | |
r-devel-linux-x86_64-fedora-clang | 0.2.4 | 218.71 | NOTE | |||
r-devel-linux-x86_64-fedora-gcc | 0.2.4 | 204.05 | NOTE | |||
r-patched-linux-x86_64 | 0.2.4 | 31.95 | 123.54 | 155.49 | NOTE | |
r-release-linux-x86_64 | 0.2.4 | 29.24 | 121.70 | 150.94 | OK | |
r-release-macos-arm64 | 0.2.4 | 51.00 | OK | |||
r-release-macos-x86_64 | 0.2.4 | 86.00 | OK | |||
r-release-windows-x86_64 | 0.2.4 | 79.00 | 170.00 | 249.00 | OK | |
r-oldrel-macos-arm64 | 0.2.4 | 57.00 | OK | |||
r-oldrel-macos-x86_64 | 0.2.4 | 65.00 | OK | |||
r-oldrel-windows-ix86+x86_64 | 0.2.4 | 107.00 | 212.00 | 319.00 | OK |
Version: 0.2.4
Check: Rd files
Result: NOTE
checkRd: (-1) ena.plot.group.Rd:44: Escaped LaTeX specials: \$
checkRd: (-1) ena.plot.group.Rd:46: Escaped LaTeX specials: \$
checkRd: (-1) ena.plot.group.Rd:48: Escaped LaTeX specials: \$
checkRd: (-1) ena.plot.trajectory.Rd:38: Escaped LaTeX specials: \$
checkRd: (-1) ena.plot.trajectory.Rd:40: Escaped LaTeX specials: \$
checkRd: (-1) ena.plot.trajectory.Rd:42: Escaped LaTeX specials: \$
Flavors: r-devel-linux-x86_64-debian-clang, r-devel-linux-x86_64-debian-gcc, r-devel-linux-x86_64-fedora-clang, r-devel-linux-x86_64-fedora-gcc, r-patched-linux-x86_64