Last updated on 2022-05-17 19:54:41 CEST.
Flavor | Version | Tinstall | Tcheck | Ttotal | Status | Flags |
---|---|---|---|---|---|---|
r-devel-linux-x86_64-debian-clang | 1.3 | 78.01 | 104.90 | 182.91 | NOTE | |
r-devel-linux-x86_64-debian-gcc | 1.3 | 61.91 | 78.37 | 140.28 | NOTE | |
r-devel-linux-x86_64-fedora-clang | 1.3 | 251.92 | NOTE | |||
r-devel-linux-x86_64-fedora-gcc | 1.3 | 221.33 | NOTE | |||
r-devel-windows-x86_64 | 1.3 | 84.00 | 169.00 | 253.00 | NOTE | |
r-patched-linux-x86_64 | 1.3 | 73.60 | 97.03 | 170.63 | NOTE | |
r-release-linux-x86_64 | 1.3 | 62.99 | 97.18 | 160.17 | NOTE | |
r-release-macos-arm64 | 1.3 | 69.00 | NOTE | |||
r-release-macos-x86_64 | 1.3 | 109.00 | NOTE | |||
r-release-windows-x86_64 | 1.3 | 89.00 | 171.00 | 260.00 | NOTE | |
r-oldrel-macos-arm64 | 1.3 | 89.00 | NOTE | |||
r-oldrel-macos-x86_64 | 1.3 | 116.00 | NOTE | |||
r-oldrel-windows-ix86+x86_64 | 1.3 | 194.00 | 137.00 | 331.00 | NOTE |
Version: 1.3
Check: LazyData
Result: NOTE
'LazyData' is specified without a 'data' directory
Flavors: r-devel-linux-x86_64-debian-clang, r-devel-linux-x86_64-debian-gcc, r-devel-linux-x86_64-fedora-clang, r-devel-linux-x86_64-fedora-gcc, r-devel-windows-x86_64, r-patched-linux-x86_64, r-release-linux-x86_64, r-release-macos-arm64, r-release-macos-x86_64, r-release-windows-x86_64, r-oldrel-macos-arm64, r-oldrel-macos-x86_64, r-oldrel-windows-ix86+x86_64
Version: 1.3
Check: for GNU extensions in Makefiles
Result: NOTE
GNU make is a SystemRequirements.
Flavors: r-devel-linux-x86_64-debian-clang, r-devel-linux-x86_64-debian-gcc, r-devel-linux-x86_64-fedora-clang, r-devel-linux-x86_64-fedora-gcc, r-devel-windows-x86_64, r-patched-linux-x86_64, r-release-linux-x86_64, r-release-macos-arm64, r-release-macos-x86_64, r-release-windows-x86_64, r-oldrel-macos-arm64, r-oldrel-macos-x86_64, r-oldrel-windows-ix86+x86_64
Version: 1.3
Check: package dependencies
Result: NOTE
Packages suggested but not available for checking: 'graph', 'Rgraphviz'
Flavor: r-release-macos-arm64