Last updated on 2022-05-22 17:50:52 CEST.
Flavor | Version | Tinstall | Tcheck | Ttotal | Status | Flags |
---|---|---|---|---|---|---|
r-devel-linux-x86_64-debian-clang | 0.1.2 | 6.70 | 71.39 | 78.09 | NOTE | |
r-devel-linux-x86_64-debian-gcc | 0.1.2 | 6.53 | 55.87 | 62.40 | NOTE | |
r-devel-linux-x86_64-fedora-clang | 0.1.2 | 95.46 | NOTE | |||
r-devel-linux-x86_64-fedora-gcc | 0.1.2 | 91.77 | NOTE | |||
r-devel-windows-x86_64 | 0.1.2 | 20.00 | 93.00 | 113.00 | NOTE | |
r-patched-linux-x86_64 | 0.1.2 | 7.62 | 70.21 | 77.83 | NOTE | |
r-release-linux-x86_64 | 0.1.2 | 5.73 | 67.99 | 73.72 | NOTE | |
r-release-macos-arm64 | 0.1.2 | 29.00 | NOTE | |||
r-release-macos-x86_64 | 0.1.2 | 41.00 | NOTE | |||
r-release-windows-x86_64 | 0.1.2 | 15.00 | 101.00 | 116.00 | NOTE | |
r-oldrel-macos-arm64 | 0.1.2 | 33.00 | NOTE | |||
r-oldrel-macos-x86_64 | 0.1.2 | 57.00 | NOTE | |||
r-oldrel-windows-ix86+x86_64 | 0.1.2 | 15.00 | 90.00 | 105.00 | NOTE |
Version: 0.1.2
Check: LazyData
Result: NOTE
'LazyData' is specified without a 'data' directory
Flavors: r-devel-linux-x86_64-debian-clang, r-devel-linux-x86_64-debian-gcc, r-devel-linux-x86_64-fedora-clang, r-devel-linux-x86_64-fedora-gcc, r-devel-windows-x86_64, r-patched-linux-x86_64, r-release-linux-x86_64, r-release-macos-arm64, r-release-macos-x86_64, r-release-windows-x86_64, r-oldrel-macos-arm64, r-oldrel-macos-x86_64, r-oldrel-windows-ix86+x86_64