CRAN Package Check Results for Package radlibs

Last updated on 2022-05-16 06:52:32 CEST.

Flavor Version Tinstall Tcheck Ttotal Status Flags
r-devel-linux-x86_64-debian-clang 0.2.0 3.28 53.34 56.62 OK
r-devel-linux-x86_64-debian-gcc 0.2.0 2.80 38.10 40.90 OK
r-devel-linux-x86_64-fedora-clang 0.2.0 65.87 NOTE
r-devel-linux-x86_64-fedora-gcc 0.2.0 60.75 NOTE
r-devel-windows-x86_64 0.2.0 10.00 71.00 81.00 OK
r-patched-linux-x86_64 0.2.0 3.48 46.80 50.28 OK
r-release-linux-x86_64 0.2.0 2.21 47.64 49.85 OK
r-release-macos-arm64 0.2.0 20.00 NOTE
r-release-macos-x86_64 0.2.0 35.00 NOTE
r-release-windows-x86_64 0.2.0 12.00 74.00 86.00 OK
r-oldrel-macos-arm64 0.2.0 29.00 NOTE
r-oldrel-macos-x86_64 0.2.0 36.00 NOTE
r-oldrel-windows-ix86+x86_64 0.2.0 8.00 58.00 66.00 OK

Check Details

Version: 0.2.0
Check: data for non-ASCII characters
Result: NOTE
     Note: found 3 marked UTF-8 strings
Flavors: r-devel-linux-x86_64-fedora-clang, r-devel-linux-x86_64-fedora-gcc, r-release-macos-arm64, r-release-macos-x86_64, r-oldrel-macos-arm64, r-oldrel-macos-x86_64