CRAN Package Check Results for Package ragg

Last updated on 2022-05-18 13:53:38 CEST.

Flavor Version Tinstall Tcheck Ttotal Status Flags
r-devel-linux-x86_64-debian-clang 1.2.2 130.51 41.02 171.53 OK
r-devel-linux-x86_64-debian-gcc 1.2.2 119.47 31.48 150.95 OK
r-devel-linux-x86_64-fedora-clang 1.2.2 236.90 NOTE
r-devel-linux-x86_64-fedora-gcc 1.2.2 243.01 OK
r-devel-windows-x86_64 1.2.2 154.00 103.00 257.00 OK
r-patched-linux-x86_64 1.2.2 116.71 38.48 155.19 OK
r-release-linux-x86_64 1.2.2 117.62 38.72 156.34 OK
r-release-macos-arm64 1.2.2 66.00 NOTE
r-release-macos-x86_64 1.2.2 75.00 NOTE
r-release-windows-x86_64 1.2.2 137.00 85.00 222.00 OK
r-oldrel-macos-arm64 1.2.2 69.00 NOTE
r-oldrel-macos-x86_64 1.2.2 75.00 NOTE
r-oldrel-windows-ix86+x86_64 1.2.2 292.00 93.00 385.00 NOTE

Check Details

Version: 1.2.2
Check: installed package size
Result: NOTE
     installed size is 11.9Mb
     sub-directories of 1Mb or more:
     libs 11.6Mb
Flavors: r-devel-linux-x86_64-fedora-clang, r-release-macos-arm64, r-release-macos-x86_64, r-oldrel-macos-arm64, r-oldrel-macos-x86_64, r-oldrel-windows-ix86+x86_64