CRAN Package Check Results for Package rags2ridges

Last updated on 2022-05-25 05:53:46 CEST.

Flavor Version Tinstall Tcheck Ttotal Status Flags
r-devel-linux-x86_64-debian-clang 2.2.6 72.11 301.99 374.10 OK
r-devel-linux-x86_64-debian-gcc 2.2.6 53.36 220.79 274.15 OK
r-devel-linux-x86_64-fedora-clang 2.2.6 471.01 OK
r-devel-linux-x86_64-fedora-gcc 2.2.6 425.10 OK
r-devel-windows-x86_64 2.2.6 123.00 346.00 469.00 OK
r-patched-linux-x86_64 2.2.6 55.52 286.01 341.53 OK
r-release-linux-x86_64 2.2.6 OK
r-release-macos-arm64 2.2.6 115.00 NOTE
r-release-macos-x86_64 2.2.6 157.00 NOTE
r-release-windows-x86_64 2.2.6 119.00 337.00 456.00 OK
r-oldrel-macos-arm64 2.2.6 93.00 NOTE
r-oldrel-macos-x86_64 2.2.6 147.00 NOTE
r-oldrel-windows-ix86+x86_64 2.2.6 147.00 496.00 643.00 OK

Check Details

Version: 2.2.6
Check: installed package size
Result: NOTE
     installed size is 5.9Mb
     sub-directories of 1Mb or more:
     libs 4.7Mb
Flavors: r-release-macos-arm64, r-release-macos-x86_64, r-oldrel-macos-arm64, r-oldrel-macos-x86_64