CRAN Package Check Results for Package ragtop

Last updated on 2022-05-20 14:52:37 CEST.

Flavor Version Tinstall Tcheck Ttotal Status Flags
r-devel-linux-x86_64-debian-clang 1.1.1 6.08 607.23 613.31 OK
r-devel-linux-x86_64-debian-gcc 1.1.1 5.95 440.29 446.24 OK
r-devel-linux-x86_64-fedora-clang 1.1.1 676.83 OK
r-devel-linux-x86_64-fedora-gcc 1.1.1 686.06 OK
r-devel-windows-x86_64 1.1.1 51.00 580.00 631.00 OK
r-patched-linux-x86_64 1.1.1 9.98 580.48 590.46 OK
r-release-linux-x86_64 1.1.1 5.00 585.07 590.07 OK
r-release-macos-arm64 1.1.1 231.00 ERROR
r-release-macos-x86_64 1.1.1 231.00 OK
r-release-windows-x86_64 1.1.1 48.00 574.00 622.00 OK
r-oldrel-macos-arm64 1.1.1 262.00 WARN
r-oldrel-macos-x86_64 1.1.1 304.00 OK
r-oldrel-windows-ix86+x86_64 1.1.1 16.00 651.00 667.00 OK

Check Details

Version: 1.1.1
Check: re-building of vignette outputs
Result: ERROR
    Error(s) in re-building vignettes:
     ...
    --- re-building ‘ragtop_convertibles_in_r.Rmd’ using rmarkdown
    Warning: Removed 39 row(s) containing missing values (geom_path).
    Quitting from lines 425-461 (ragtop_convertibles_in_r.Rmd)
    Error: processing vignette 'ragtop_convertibles_in_r.Rmd' failed with diagnostics:
    argument is of length zero
    --- failed re-building ‘ragtop_convertibles_in_r.Rmd’
    
    SUMMARY: processing the following file failed:
     ‘ragtop_convertibles_in_r.Rmd’
    
    Error: Vignette re-building failed.
    Execution halted
Flavor: r-release-macos-arm64

Version: 1.1.1
Check: re-building of vignette outputs
Result: WARN
    Error(s) in re-building vignettes:
     ...
    --- re-building ‘ragtop_convertibles_in_r.Rmd’ using rmarkdown
    Warning: Removed 39 row(s) containing missing values (geom_path).
    Quitting from lines 425-461 (ragtop_convertibles_in_r.Rmd)
    Error: processing vignette 'ragtop_convertibles_in_r.Rmd' failed with diagnostics:
    argument is of length zero
    --- failed re-building ‘ragtop_convertibles_in_r.Rmd’
    
    SUMMARY: processing the following file failed:
     ‘ragtop_convertibles_in_r.Rmd’
    
    Error: Vignette re-building failed.
    Execution halted
Flavor: r-oldrel-macos-arm64