CRAN Package Check Results for Package ramlegacy

Last updated on 2023-05-30 17:00:14 CEST.

Flavor Version Tinstall Tcheck Ttotal Status Flags
r-devel-linux-x86_64-debian-clang 0.2.0 2.16 31.43 33.59 NOTE
r-devel-linux-x86_64-debian-gcc 0.2.0 2.09 24.89 26.98 NOTE
r-devel-linux-x86_64-fedora-clang 0.2.0 44.00 NOTE
r-devel-linux-x86_64-fedora-gcc 0.2.0 55.30 NOTE
r-devel-windows-x86_64 0.2.0 4.00 50.00 54.00 NOTE
r-patched-linux-x86_64 0.2.0 1.66 31.26 32.92 NOTE
r-release-linux-x86_64 0.2.0 1.67 31.05 32.72 NOTE
r-release-macos-arm64 0.2.0 28.00 NOTE
r-release-macos-x86_64 0.2.0 38.00 NOTE
r-release-windows-x86_64 0.2.0 4.00 51.00 55.00 NOTE
r-oldrel-macos-arm64 0.2.0 22.00 NOTE
r-oldrel-macos-x86_64 0.2.0 36.00 NOTE
r-oldrel-windows-x86_64 0.2.0 4.00 53.00 57.00 NOTE

Check Details

Version: 0.2.0
Check: LazyData
Result: NOTE
     'LazyData' is specified without a 'data' directory
Flavors: r-devel-linux-x86_64-debian-clang, r-devel-linux-x86_64-debian-gcc, r-devel-linux-x86_64-fedora-clang, r-devel-linux-x86_64-fedora-gcc, r-devel-windows-x86_64, r-patched-linux-x86_64, r-release-linux-x86_64, r-release-macos-arm64, r-release-macos-x86_64, r-release-windows-x86_64, r-oldrel-macos-arm64, r-oldrel-macos-x86_64, r-oldrel-windows-x86_64