CRAN Package Check Results for Package rapiclient

Last updated on 2023-01-31 23:52:27 CET.

Flavor Version Tinstall Tcheck Ttotal Status Flags
r-devel-linux-x86_64-debian-clang 0.1.3 3.14 27.35 30.49 NOTE
r-devel-linux-x86_64-debian-gcc 0.1.3 2.37 21.83 24.20 NOTE
r-devel-linux-x86_64-fedora-clang 0.1.3 39.09 NOTE
r-devel-linux-x86_64-fedora-gcc 0.1.3 37.35 NOTE
r-devel-windows-x86_64 0.1.3 21.00 64.00 85.00 NOTE
r-patched-linux-x86_64 0.1.3 3.46 26.04 29.50 NOTE
r-release-linux-x86_64 0.1.3 2.88 26.35 29.23 NOTE
r-release-macos-arm64 0.1.3 19.00 NOTE
r-release-macos-x86_64 0.1.3 23.00 NOTE
r-release-windows-x86_64 0.1.3 21.00 55.00 76.00 NOTE
r-oldrel-macos-arm64 0.1.3 23.00 NOTE
r-oldrel-macos-x86_64 0.1.3 28.00 NOTE
r-oldrel-windows-ix86+x86_64 0.1.3 7.00 54.00 61.00 NOTE

Check Details

Version: 0.1.3
Check: LazyData
Result: NOTE
     'LazyData' is specified without a 'data' directory
Flavors: r-devel-linux-x86_64-debian-clang, r-devel-linux-x86_64-debian-gcc, r-devel-linux-x86_64-fedora-clang, r-devel-linux-x86_64-fedora-gcc, r-devel-windows-x86_64, r-patched-linux-x86_64, r-release-linux-x86_64, r-release-macos-arm64, r-release-macos-x86_64, r-release-windows-x86_64, r-oldrel-macos-arm64, r-oldrel-macos-x86_64, r-oldrel-windows-ix86+x86_64