Last updated on 2022-06-30 02:52:33 CEST.
Flavor | Version | Tinstall | Tcheck | Ttotal | Status | Flags |
---|---|---|---|---|---|---|
r-devel-linux-x86_64-debian-clang | 1.2.0 | 1.86 | 19.25 | 21.11 | NOTE | |
r-devel-linux-x86_64-debian-gcc | 1.2.0 | 1.43 | 15.25 | 16.68 | NOTE | |
r-devel-linux-x86_64-fedora-clang | 1.2.0 | 36.57 | NOTE | |||
r-devel-linux-x86_64-fedora-gcc | 1.2.0 | 35.89 | NOTE | |||
r-devel-windows-x86_64 | 1.2.0 | 32.00 | 41.00 | 73.00 | NOTE | |
r-patched-linux-x86_64 | 1.2.0 | 1.99 | 18.75 | 20.74 | NOTE | |
r-release-linux-x86_64 | 1.2.0 | 1.74 | 19.17 | 20.91 | NOTE | |
r-release-macos-arm64 | 1.2.0 | 14.00 | NOTE | |||
r-release-macos-x86_64 | 1.2.0 | 20.00 | NOTE | |||
r-release-windows-x86_64 | 1.2.0 | 8.00 | 41.00 | 49.00 | NOTE | |
r-oldrel-macos-arm64 | 1.2.0 | 15.00 | NOTE | |||
r-oldrel-macos-x86_64 | 1.2.0 | 23.00 | NOTE | |||
r-oldrel-windows-ix86+x86_64 | 1.2.0 | 4.00 | 25.00 | 29.00 | NOTE |
Version: 1.2.0
Check: LazyData
Result: NOTE
'LazyData' is specified without a 'data' directory
Flavors: r-devel-linux-x86_64-debian-clang, r-devel-linux-x86_64-debian-gcc, r-devel-linux-x86_64-fedora-clang, r-devel-linux-x86_64-fedora-gcc, r-devel-windows-x86_64, r-patched-linux-x86_64, r-release-linux-x86_64, r-release-macos-arm64, r-release-macos-x86_64, r-release-windows-x86_64, r-oldrel-macos-arm64, r-oldrel-macos-x86_64, r-oldrel-windows-ix86+x86_64