CRAN Package Check Results for Package ratios

Last updated on 2022-05-17 21:50:55 CEST.

Flavor Version Tinstall Tcheck Ttotal Status Flags
r-devel-linux-x86_64-debian-clang 1.2.0 4.61 43.87 48.48 NOTE
r-devel-linux-x86_64-debian-gcc 1.2.0 3.17 33.23 36.40 NOTE
r-devel-linux-x86_64-fedora-clang 1.2.0 57.19 NOTE
r-devel-linux-x86_64-fedora-gcc 1.2.0 55.33 NOTE
r-devel-windows-x86_64 1.2.0 16.00 58.00 74.00 NOTE
r-patched-linux-x86_64 1.2.0 4.15 41.83 45.98 NOTE
r-release-linux-x86_64 1.2.0 3.56 41.93 45.49 NOTE
r-release-macos-arm64 1.2.0 18.00 NOTE
r-release-macos-x86_64 1.2.0 26.00 NOTE
r-release-windows-x86_64 1.2.0 13.00 56.00 69.00 NOTE
r-oldrel-macos-arm64 1.2.0 21.00 NOTE
r-oldrel-macos-x86_64 1.2.0 31.00 NOTE
r-oldrel-windows-ix86+x86_64 1.2.0 8.00 48.00 56.00 NOTE

Check Details

Version: 1.2.0
Check: LazyData
Result: NOTE
     'LazyData' is specified without a 'data' directory
Flavors: r-devel-linux-x86_64-debian-clang, r-devel-linux-x86_64-debian-gcc, r-devel-linux-x86_64-fedora-clang, r-devel-linux-x86_64-fedora-gcc, r-devel-windows-x86_64, r-patched-linux-x86_64, r-release-linux-x86_64, r-release-macos-arm64, r-release-macos-x86_64, r-release-windows-x86_64, r-oldrel-macos-arm64, r-oldrel-macos-x86_64, r-oldrel-windows-ix86+x86_64