CRAN Package Check Results for Package ravelRy

Last updated on 2024-05-27 01:48:24 CEST.

Flavor Version Tinstall Tcheck Ttotal Status Flags
r-devel-linux-x86_64-debian-clang 0.1.0 5.53 39.10 44.63 NOTE
r-devel-linux-x86_64-debian-gcc 0.1.0 3.51 30.43 33.94 NOTE
r-devel-linux-x86_64-fedora-clang 0.1.0 56.16 NOTE
r-devel-linux-x86_64-fedora-gcc 0.1.0 51.89 NOTE
r-devel-windows-x86_64 0.1.0 6.00 51.00 57.00 NOTE
r-patched-linux-x86_64 0.1.0 4.46 37.45 41.91 NOTE
r-release-linux-x86_64 0.1.0 2.90 37.64 40.54 NOTE
r-release-macos-arm64 0.1.0 25.00 NOTE
r-release-windows-x86_64 0.1.0 5.00 53.00 58.00 NOTE
r-oldrel-macos-arm64 0.1.0 21.00 NOTE
r-oldrel-macos-x86_64 0.1.0 29.00 NOTE
r-oldrel-windows-x86_64 0.1.0 6.00 56.00 62.00 NOTE

Check Details

Version: 0.1.0
Check: LazyData
Result: NOTE 'LazyData' is specified without a 'data' directory Flavors: r-devel-linux-x86_64-debian-clang, r-devel-linux-x86_64-debian-gcc, r-devel-linux-x86_64-fedora-clang, r-devel-linux-x86_64-fedora-gcc, r-devel-windows-x86_64, r-patched-linux-x86_64, r-release-linux-x86_64, r-release-macos-arm64, r-release-windows-x86_64, r-oldrel-macos-arm64, r-oldrel-macos-x86_64, r-oldrel-windows-x86_64

Version: 0.1.0
Check: dependencies in R code
Result: NOTE Namespace in Imports field not imported from: ‘tidyr’ All declared Imports should be used. Flavors: r-devel-linux-x86_64-fedora-clang, r-devel-linux-x86_64-fedora-gcc