Last updated on 2022-05-25 05:53:47 CEST.
Flavor | Version | Tinstall | Tcheck | Ttotal | Status | Flags |
---|---|---|---|---|---|---|
r-devel-linux-x86_64-debian-clang | 0.24.10 | 114.69 | 153.56 | 268.25 | OK | |
r-devel-linux-x86_64-debian-gcc | 0.24.10 | 90.50 | 117.59 | 208.09 | OK | |
r-devel-linux-x86_64-fedora-clang | 0.24.10 | 370.86 | NOTE | |||
r-devel-linux-x86_64-fedora-gcc | 0.24.10 | 328.68 | OK | |||
r-devel-windows-x86_64 | 0.24.10 | 135.00 | 211.00 | 346.00 | OK | |
r-patched-linux-x86_64 | 0.24.10 | 103.17 | 150.16 | 253.33 | OK | |
r-release-linux-x86_64 | 0.24.10 | OK | ||||
r-release-macos-arm64 | 0.24.10 | 84.00 | NOTE | |||
r-release-macos-x86_64 | 0.24.10 | 116.00 | NOTE | |||
r-release-windows-x86_64 | 0.24.10 | 154.00 | 220.00 | 374.00 | OK | |
r-oldrel-macos-arm64 | 0.24.10 | 106.00 | NOTE | |||
r-oldrel-macos-x86_64 | 0.24.10 | 131.00 | NOTE | |||
r-oldrel-windows-ix86+x86_64 | 0.24.10 | 278.00 | 229.00 | 507.00 | NOTE |
Version: 0.24.10
Check: installed package size
Result: NOTE
installed size is 6.2Mb
sub-directories of 1Mb or more:
data 3.0Mb
libs 2.7Mb
Flavors: r-devel-linux-x86_64-fedora-clang, r-release-macos-arm64, r-release-macos-x86_64, r-oldrel-macos-arm64, r-oldrel-macos-x86_64, r-oldrel-windows-ix86+x86_64