CRAN Package Check Results for Package rbedrock

Last updated on 2024-05-27 22:56:17 CEST.

Flavor Version Tinstall Tcheck Ttotal Status Flags
r-devel-linux-x86_64-debian-clang 0.3.2 73.94 75.48 149.42 NOTE
r-devel-linux-x86_64-debian-gcc 0.3.2 60.61 54.36 114.97 NOTE
r-devel-linux-x86_64-fedora-clang 0.3.2 256.74 NOTE
r-devel-linux-x86_64-fedora-gcc 0.3.2 221.21 NOTE
r-devel-windows-x86_64 0.3.2 83.00 101.00 184.00 NOTE
r-patched-linux-x86_64 0.3.2 76.37 69.35 145.72 OK
r-release-linux-x86_64 0.3.2 53.69 69.06 122.75 OK
r-release-macos-arm64 0.3.2 61.00 NOTE
r-release-windows-x86_64 0.3.2 86.00 104.00 190.00 OK
r-oldrel-macos-arm64 0.3.2 67.00 NOTE
r-oldrel-macos-x86_64 0.3.2 105.00 NOTE
r-oldrel-windows-x86_64 0.3.2 97.00 117.00 214.00 OK

Check Details

Version: 0.3.2
Check: compiled code
Result: NOTE File ‘rbedrock/libs/rbedrock.so’: Found non-API call to R: ‘IS_SCALAR’ Compiled code should not call non-API entry points in R. See ‘Writing portable packages’ in the ‘Writing R Extensions’ manual. Flavors: r-devel-linux-x86_64-debian-clang, r-devel-linux-x86_64-debian-gcc, r-devel-linux-x86_64-fedora-clang, r-devel-linux-x86_64-fedora-gcc

Version: 0.3.2
Check: for GNU extensions in Makefiles
Result: NOTE GNU make is a SystemRequirements. Flavors: r-devel-linux-x86_64-fedora-clang, r-devel-linux-x86_64-fedora-gcc, r-release-macos-arm64, r-oldrel-macos-arm64, r-oldrel-macos-x86_64

Version: 0.3.2
Check: compiled code
Result: NOTE File 'rbedrock/libs/x64/rbedrock.dll': Found non-API call to R: 'IS_SCALAR' Compiled code should not call non-API entry points in R. See 'Writing portable packages' in the 'Writing R Extensions' manual. Flavor: r-devel-windows-x86_64

Version: 0.3.2
Check: installed package size
Result: NOTE installed size is 5.4Mb sub-directories of 1Mb or more: extdata 1.1Mb libs 3.8Mb Flavors: r-release-macos-arm64, r-oldrel-macos-arm64, r-oldrel-macos-x86_64