Last updated on 2023-02-02 16:54:09 CET.
Flavor | Version | Tinstall | Tcheck | Ttotal | Status | Flags |
---|---|---|---|---|---|---|
r-devel-linux-x86_64-debian-clang | 1.2.3 | 140.76 | 327.40 | 468.16 | NOTE | |
r-devel-linux-x86_64-debian-gcc | 1.2.3 | 130.60 | 242.49 | 373.09 | NOTE | |
r-devel-linux-x86_64-fedora-clang | 1.2.3 | 591.80 | NOTE | |||
r-devel-linux-x86_64-fedora-gcc | 1.2.3 | 666.54 | NOTE | |||
r-devel-windows-x86_64 | 1.2.3 | 198.00 | 424.00 | 622.00 | WARN | |
r-patched-linux-x86_64 | 1.2.3 | 142.06 | 297.38 | 439.44 | NOTE | |
r-release-linux-x86_64 | 1.2.3 | 139.51 | 306.04 | 445.55 | NOTE | |
r-release-macos-arm64 | 1.2.3 | 206.00 | NOTE | |||
r-release-macos-x86_64 | 1.2.3 | 227.00 | NOTE | |||
r-release-windows-x86_64 | 1.2.3 | 165.00 | 450.00 | 615.00 | NOTE | |
r-oldrel-macos-arm64 | 1.2.3 | 161.00 | NOTE | |||
r-oldrel-macos-x86_64 | 1.2.3 | 231.00 | NOTE | |||
r-oldrel-windows-ix86+x86_64 | 1.2.3 | 340.00 | 646.00 | 986.00 | NOTE |
Version: 1.2.3
Check: C++ specification
Result: NOTE
Specified C++14: please update to current default of C++17
Flavors: r-devel-linux-x86_64-debian-clang, r-devel-linux-x86_64-debian-gcc, r-devel-linux-x86_64-fedora-clang, r-devel-linux-x86_64-fedora-gcc, r-devel-windows-x86_64
Version: 1.2.3
Check: for GNU extensions in Makefiles
Result: NOTE
GNU make is a SystemRequirements.
Flavors: r-devel-linux-x86_64-debian-clang, r-devel-linux-x86_64-debian-gcc, r-devel-linux-x86_64-fedora-clang, r-devel-linux-x86_64-fedora-gcc, r-devel-windows-x86_64, r-patched-linux-x86_64, r-release-linux-x86_64, r-release-macos-arm64, r-release-macos-x86_64, r-release-windows-x86_64, r-oldrel-macos-arm64, r-oldrel-macos-x86_64, r-oldrel-windows-ix86+x86_64
Version: 1.2.3
Check: whether the namespace can be unloaded cleanly
Result: WARN
Error in gzfile(file, "rb") : cannot open the connection
Calls: suppressMessages ... namespaceImportFrom -> asNamespace -> loadNamespace -> readRDS -> gzfile
In addition: Warning message:
In gzfile(file, "rb") :
cannot open compressed file 'D:/RCompile/CRANpkg/lib/4.3/utf8/Meta/nsInfo.rds', probable reason 'Not enough space'
Execution halted
Flavor: r-devel-windows-x86_64
Version: 1.2.3
Check: installed package size
Result: NOTE
installed size is 40.6Mb
sub-directories of 1Mb or more:
libs 39.4Mb
Flavors: r-release-macos-arm64, r-release-macos-x86_64, r-oldrel-macos-arm64, r-oldrel-macos-x86_64, r-oldrel-windows-ix86+x86_64