CRAN Package Check Results for Package rddtools

Last updated on 2022-05-16 10:52:48 CEST.

Flavor Version Tinstall Tcheck Ttotal Status Flags
r-devel-linux-x86_64-debian-clang 1.6.0 16.46 173.52 189.98 OK
r-devel-linux-x86_64-debian-gcc 1.6.0 13.24 126.99 140.23 OK
r-devel-linux-x86_64-fedora-clang 1.6.0 219.46 NOTE
r-devel-linux-x86_64-fedora-gcc 1.6.0 214.85 NOTE
r-devel-windows-x86_64 1.6.0 45.00 186.00 231.00 OK
r-patched-linux-x86_64 1.6.0 23.00 163.22 186.22 OK
r-release-linux-x86_64 1.6.0 16.10 163.54 179.64 OK
r-release-macos-arm64 1.6.0 70.00 NOTE
r-release-macos-x86_64 1.6.0 113.00 NOTE
r-release-windows-x86_64 1.6.0 60.00 191.00 251.00 OK
r-oldrel-macos-arm64 1.6.0 60.00 NOTE
r-oldrel-macos-x86_64 1.6.0 103.00 NOTE
r-oldrel-windows-ix86+x86_64 1.6.0 35.00 188.00 223.00 OK

Check Details

Version: 1.6.0
Check: dependencies in R code
Result: NOTE
    Namespace in Imports field not imported from: ‘rmarkdown’
     All declared Imports should be used.
Flavors: r-devel-linux-x86_64-fedora-clang, r-devel-linux-x86_64-fedora-gcc, r-release-macos-arm64, r-release-macos-x86_64, r-oldrel-macos-arm64, r-oldrel-macos-x86_64