CRAN Package Check Results for Package rdfp

Last updated on 2022-05-25 20:54:00 CEST.

Flavor Version Tinstall Tcheck Ttotal Status Flags
r-devel-linux-x86_64-debian-clang 0.1.4 13.36 120.94 134.30 NOTE
r-devel-linux-x86_64-debian-gcc 0.1.4 9.77 90.41 100.18 NOTE
r-devel-linux-x86_64-fedora-clang 0.1.4 157.77 NOTE
r-devel-linux-x86_64-fedora-gcc 0.1.4 141.94 NOTE
r-devel-windows-x86_64 0.1.4 121.00 181.00 302.00 NOTE
r-patched-linux-x86_64 0.1.4 18.84 112.57 131.41 NOTE
r-release-linux-x86_64 0.1.4 NOTE
r-release-macos-arm64 0.1.4 48.00 NOTE
r-release-macos-x86_64 0.1.4 79.00 NOTE
r-release-windows-x86_64 0.1.4 117.00 184.00 301.00 NOTE
r-oldrel-macos-arm64 0.1.4 51.00 NOTE
r-oldrel-macos-x86_64 0.1.4 82.00 NOTE
r-oldrel-windows-ix86+x86_64 0.1.4 27.00 151.00 178.00 NOTE

Check Details

Version: 0.1.4
Check: LazyData
Result: NOTE
     'LazyData' is specified without a 'data' directory
Flavors: r-devel-linux-x86_64-debian-clang, r-devel-linux-x86_64-debian-gcc, r-devel-linux-x86_64-fedora-clang, r-devel-linux-x86_64-fedora-gcc, r-devel-windows-x86_64, r-patched-linux-x86_64, r-release-linux-x86_64, r-release-macos-arm64, r-release-macos-x86_64, r-release-windows-x86_64, r-oldrel-macos-arm64, r-oldrel-macos-x86_64, r-oldrel-windows-ix86+x86_64