CRAN Package Check Results for Package rdrop2

Last updated on 2022-05-18 10:52:59 CEST.

Flavor Version Tinstall Tcheck Ttotal Status Flags
r-devel-linux-x86_64-debian-clang 0.8.2.1 3.24 38.52 41.76 NOTE
r-devel-linux-x86_64-debian-gcc 0.8.2.1 2.35 29.49 31.84 NOTE
r-devel-linux-x86_64-fedora-clang 0.8.2.1 50.31 NOTE
r-devel-linux-x86_64-fedora-gcc 0.8.2.1 48.11 NOTE
r-devel-windows-x86_64 0.8.2.1 21.00 56.00 77.00 NOTE
r-patched-linux-x86_64 0.8.2.1 2.39 37.21 39.60 NOTE
r-release-linux-x86_64 0.8.2.1 2.97 37.14 40.11 NOTE
r-release-macos-arm64 0.8.2.1 21.00 NOTE
r-release-macos-x86_64 0.8.2.1 29.00 NOTE
r-release-windows-x86_64 0.8.2.1 30.00 55.00 85.00 NOTE
r-oldrel-macos-arm64 0.8.2.1 18.00 NOTE
r-oldrel-macos-x86_64 0.8.2.1 30.00 NOTE
r-oldrel-windows-ix86+x86_64 0.8.2.1 8.00 46.00 54.00 NOTE

Check Details

Version: 0.8.2.1
Check: LazyData
Result: NOTE
     'LazyData' is specified without a 'data' directory
Flavors: r-devel-linux-x86_64-debian-clang, r-devel-linux-x86_64-debian-gcc, r-devel-linux-x86_64-fedora-clang, r-devel-linux-x86_64-fedora-gcc, r-devel-windows-x86_64, r-patched-linux-x86_64, r-release-linux-x86_64, r-release-macos-arm64, r-release-macos-x86_64, r-release-windows-x86_64, r-oldrel-macos-arm64, r-oldrel-macos-x86_64, r-oldrel-windows-ix86+x86_64