CRAN Package Check Results for Package read.gt3x

Last updated on 2022-05-22 20:49:20 CEST.

Flavor Version Tinstall Tcheck Ttotal Status Flags
r-devel-linux-x86_64-debian-clang 1.0.2 32.72 89.40 122.12 NOTE
r-devel-linux-x86_64-debian-gcc 1.0.2 22.98 64.42 87.40 NOTE
r-devel-linux-x86_64-fedora-clang 1.0.2 150.52 NOTE
r-devel-linux-x86_64-fedora-gcc 1.0.2 139.24 NOTE
r-devel-windows-x86_64 1.0.2 51.00 143.00 194.00 NOTE
r-patched-linux-x86_64 1.0.2 23.43 87.24 110.67 NOTE
r-release-linux-x86_64 1.0.2 27.87 86.47 114.34 NOTE
r-release-macos-arm64 1.0.2 187.00 NOTE
r-release-macos-x86_64 1.0.2 142.00 NOTE
r-release-windows-x86_64 1.0.2 50.00 148.00 198.00 NOTE
r-oldrel-macos-arm64 1.0.2 126.00 NOTE
r-oldrel-macos-x86_64 1.0.2 136.00 NOTE
r-oldrel-windows-ix86+x86_64 1.0.2 71.00 223.00 294.00 NOTE

Check Details

Version: 1.0.2
Check: LazyData
Result: NOTE
     'LazyData' is specified without a 'data' directory
Flavors: r-devel-linux-x86_64-debian-clang, r-devel-linux-x86_64-debian-gcc, r-devel-linux-x86_64-fedora-clang, r-devel-linux-x86_64-fedora-gcc, r-devel-windows-x86_64, r-patched-linux-x86_64, r-release-linux-x86_64, r-release-macos-arm64, r-release-macos-x86_64, r-release-windows-x86_64, r-oldrel-macos-arm64, r-oldrel-macos-x86_64, r-oldrel-windows-ix86+x86_64