CRAN Package Check Results for Package readr

Last updated on 2022-01-25 02:49:51 CET.

Flavor Version Tinstall Tcheck Ttotal Status Flags
r-devel-linux-x86_64-debian-clang 2.1.1 65.76 122.65 188.41 OK
r-devel-linux-x86_64-debian-gcc 2.1.1 54.81 84.04 138.85 OK
r-devel-linux-x86_64-fedora-clang 2.1.1 259.06 NOTE
r-devel-linux-x86_64-fedora-gcc 2.1.1 223.85 OK
r-devel-windows-x86_64-new-UL 2.1.1 167.00 191.00 358.00 OK
r-devel-windows-x86_64-new-TK 2.1.1 OK
r-patched-linux-x86_64 2.1.1 66.82 107.84 174.66 OK
r-release-linux-x86_64 2.1.1 66.99 106.93 173.92 OK
r-release-macos-arm64 2.1.1 NOTE
r-release-macos-x86_64 2.1.1 OK
r-release-windows-ix86+x86_64 2.1.1 193.00 216.00 409.00 OK
r-oldrel-macos-x86_64 2.1.1 OK
r-oldrel-windows-ix86+x86_64 2.1.1 195.00 224.00 419.00 OK

Check Details

Version: 2.1.1
Check: installed package size
Result: NOTE
     installed size is 5.2Mb
     sub-directories of 1Mb or more:
     libs 4.3Mb
Flavors: r-devel-linux-x86_64-fedora-clang, r-release-macos-arm64

Version: 2.1.1
Check: Rd cross-references
Result: NOTE
    Undeclared packages ‘tidyselect’, ‘vctrs’ in Rd xrefs
Flavor: r-devel-linux-x86_64-fedora-clang