CRAN Package Check Results for Package rebus

Last updated on 2022-06-27 09:50:23 CEST.

Flavor Version Tinstall Tcheck Ttotal Status Flags
r-devel-linux-x86_64-debian-clang 0.1-3 2.55 27.66 30.21 NOTE
r-devel-linux-x86_64-debian-gcc 0.1-3 1.75 21.21 22.96 NOTE
r-devel-linux-x86_64-fedora-clang 0.1-3 47.43 NOTE
r-devel-linux-x86_64-fedora-gcc 0.1-3 46.21 NOTE
r-devel-windows-x86_64 0.1-3 19.00 59.00 78.00 NOTE
r-patched-linux-x86_64 0.1-3 2.88 25.94 28.82 NOTE
r-release-linux-x86_64 0.1-3 2.61 26.55 29.16 NOTE
r-release-macos-arm64 0.1-3 19.00 NOTE
r-release-macos-x86_64 0.1-3 23.00 NOTE
r-release-windows-x86_64 0.1-3 11.00 60.00 71.00 NOTE
r-oldrel-macos-arm64 0.1-3 20.00 NOTE
r-oldrel-macos-x86_64 0.1-3 27.00 NOTE
r-oldrel-windows-ix86+x86_64 0.1-3 6.00 50.00 56.00 NOTE

Check Details

Version: 0.1-3
Check: LazyData
Result: NOTE
     'LazyData' is specified without a 'data' directory
Flavors: r-devel-linux-x86_64-debian-clang, r-devel-linux-x86_64-debian-gcc, r-devel-linux-x86_64-fedora-clang, r-devel-linux-x86_64-fedora-gcc, r-devel-windows-x86_64, r-patched-linux-x86_64, r-release-linux-x86_64, r-release-macos-arm64, r-release-macos-x86_64, r-release-windows-x86_64, r-oldrel-macos-arm64, r-oldrel-macos-x86_64, r-oldrel-windows-ix86+x86_64