CRAN Package Check Results for Package rechonest

Last updated on 2023-01-28 16:51:28 CET.

Flavor Version Tinstall Tcheck Ttotal Status Flags
r-devel-linux-x86_64-debian-clang 1.2 4.13 35.90 40.03 NOTE
r-devel-linux-x86_64-debian-gcc 1.2 3.44 27.59 31.03 NOTE
r-devel-linux-x86_64-fedora-clang 1.2 52.05 NOTE
r-devel-linux-x86_64-fedora-gcc 1.2 48.45 NOTE
r-patched-linux-x86_64 1.2 3.86 34.53 38.39 NOTE
r-release-linux-x86_64 1.2 3.09 34.19 37.28 NOTE
r-release-macos-arm64 1.2 21.00 NOTE
r-release-macos-x86_64 1.2 27.00 NOTE
r-release-windows-x86_64 1.2 38.00 65.00 103.00 NOTE
r-oldrel-macos-arm64 1.2 24.00 NOTE
r-oldrel-macos-x86_64 1.2 30.00 NOTE
r-oldrel-windows-ix86+x86_64 1.2 9.00 60.00 69.00 NOTE

Check Details

Version: 1.2
Check: LazyData
Result: NOTE
     'LazyData' is specified without a 'data' directory
Flavors: r-devel-linux-x86_64-debian-clang, r-devel-linux-x86_64-debian-gcc, r-devel-linux-x86_64-fedora-clang, r-devel-linux-x86_64-fedora-gcc, r-patched-linux-x86_64, r-release-linux-x86_64, r-release-macos-arm64, r-release-macos-x86_64, r-release-windows-x86_64, r-oldrel-macos-arm64, r-oldrel-macos-x86_64, r-oldrel-windows-ix86+x86_64