CRAN Package Check Results for Package recogito

Last updated on 2022-05-24 17:51:35 CEST.

Flavor Version Tinstall Tcheck Ttotal Status Flags
r-devel-linux-x86_64-debian-clang 0.1.1 3.85 42.54 46.39 OK
r-devel-linux-x86_64-debian-gcc 0.1.1 2.71 31.29 34.00 OK
r-devel-linux-x86_64-fedora-clang 0.1.1 52.68 NOTE
r-devel-linux-x86_64-fedora-gcc 0.1.1 41.97 OK
r-devel-windows-x86_64 0.1.1 41.00 62.00 103.00 OK
r-patched-linux-x86_64 0.1.1 3.41 39.34 42.75 OK
r-release-linux-x86_64 0.1.1 OK
r-release-macos-arm64 0.1.1 18.00 OK
r-release-macos-x86_64 0.1.1 24.00 OK
r-release-windows-x86_64 0.1.1 70.00 57.00 127.00 OK
r-oldrel-macos-arm64 0.1.1 20.00 OK
r-oldrel-macos-x86_64 0.1.1 25.00 OK
r-oldrel-windows-ix86+x86_64 0.1.1 8.00 50.00 58.00 OK

Check Details

Version: 0.1.1
Check: package dependencies
Result: NOTE
    Package suggested but not available for checking: ‘opencv’
Flavor: r-devel-linux-x86_64-fedora-clang