Last updated on 2022-05-27 12:53:23 CEST.
Flavor | Version | Tinstall | Tcheck | Ttotal | Status | Flags |
---|---|---|---|---|---|---|
r-devel-linux-x86_64-debian-clang | 1.2.2 | 12.07 | 118.83 | 130.90 | OK | |
r-devel-linux-x86_64-debian-gcc | 1.2.2 | 10.85 | 93.31 | 104.16 | OK | |
r-devel-linux-x86_64-fedora-clang | 1.2.2 | 158.91 | NOTE | |||
r-devel-linux-x86_64-fedora-gcc | 1.2.2 | 147.73 | NOTE | |||
r-devel-windows-x86_64 | 1.2.2 | 25.00 | 146.00 | 171.00 | OK | |
r-patched-linux-x86_64 | 1.2.2 | 11.88 | 115.78 | 127.66 | OK | |
r-release-linux-x86_64 | 1.2.2 | 8.96 | 117.08 | 126.04 | OK | |
r-release-macos-arm64 | 1.2.2 | 49.00 | NOTE | |||
r-release-macos-x86_64 | 1.2.2 | 86.00 | NOTE | |||
r-release-windows-x86_64 | 1.2.2 | 22.00 | 142.00 | 164.00 | OK | |
r-oldrel-macos-arm64 | 1.2.2 | 56.00 | NOTE | |||
r-oldrel-macos-x86_64 | 1.2.2 | 66.00 | NOTE | |||
r-oldrel-windows-ix86+x86_64 | 1.2.2 | 26.00 | 138.00 | 164.00 | OK |
Version: 1.2.2
Check: dependencies in R code
Result: NOTE
Namespaces in Imports field not imported from:
‘SemiPar’ ‘caret’ ‘dplyr’ ‘scales’
All declared Imports should be used.
Flavors: r-devel-linux-x86_64-fedora-clang, r-devel-linux-x86_64-fedora-gcc, r-release-macos-arm64, r-release-macos-x86_64, r-oldrel-macos-arm64, r-oldrel-macos-x86_64