CRAN Package Check Results for Package regions

Last updated on 2022-05-28 20:49:23 CEST.

Flavor Version Tinstall Tcheck Ttotal Status Flags
r-devel-linux-x86_64-debian-clang 0.1.8 10.57 102.73 113.30 OK
r-devel-linux-x86_64-debian-gcc 0.1.8 8.36 79.62 87.98 OK
r-devel-linux-x86_64-fedora-clang 0.1.8 138.83 NOTE
r-devel-linux-x86_64-fedora-gcc 0.1.8 123.13 NOTE
r-devel-windows-x86_64 0.1.8 34.00 146.00 180.00 OK
r-patched-linux-x86_64 0.1.8 11.41 99.84 111.25 OK
r-release-linux-x86_64 0.1.8 9.06 99.81 108.87 OK
r-release-macos-arm64 0.1.8 44.00 NOTE
r-release-macos-x86_64 0.1.8 87.00 NOTE
r-release-windows-x86_64 0.1.8 45.00 155.00 200.00 OK
r-oldrel-macos-arm64 0.1.8 42.00 NOTE
r-oldrel-macos-x86_64 0.1.8 59.00 NOTE
r-oldrel-windows-ix86+x86_64 0.1.8 23.00 127.00 150.00 OK

Check Details

Version: 0.1.8
Check: data for non-ASCII characters
Result: NOTE
     Note: found 2 marked Latin-1 strings
     Note: found 50022 marked UTF-8 strings
Flavors: r-devel-linux-x86_64-fedora-clang, r-devel-linux-x86_64-fedora-gcc, r-release-macos-arm64, r-release-macos-x86_64, r-oldrel-macos-arm64, r-oldrel-macos-x86_64