CRAN Package Check Results for Package reinsureR

Last updated on 2022-05-21 18:53:35 CEST.

Flavor Version Tinstall Tcheck Ttotal Status Flags
r-devel-linux-x86_64-debian-clang 0.1.0 9.23 75.99 85.22 NOTE
r-devel-linux-x86_64-debian-gcc 0.1.0 7.58 55.65 63.23 NOTE
r-devel-linux-x86_64-fedora-clang 0.1.0 101.23 NOTE
r-devel-linux-x86_64-fedora-gcc 0.1.0 95.95 NOTE
r-devel-windows-x86_64 0.1.0 33.00 90.00 123.00 NOTE
r-patched-linux-x86_64 0.1.0 6.08 69.79 75.87 NOTE
r-release-linux-x86_64 0.1.0 8.28 69.03 77.31 NOTE
r-release-macos-arm64 0.1.0 30.00 NOTE
r-release-macos-x86_64 0.1.0 48.00 NOTE
r-release-windows-x86_64 0.1.0 28.00 89.00 117.00 NOTE
r-oldrel-macos-arm64 0.1.0 28.00 NOTE
r-oldrel-macos-x86_64 0.1.0 39.00 NOTE
r-oldrel-windows-ix86+x86_64 0.1.0 25.00 84.00 109.00 NOTE

Check Details

Version: 0.1.0
Check: LazyData
Result: NOTE
     'LazyData' is specified without a 'data' directory
Flavors: r-devel-linux-x86_64-debian-clang, r-devel-linux-x86_64-debian-gcc, r-devel-linux-x86_64-fedora-clang, r-devel-linux-x86_64-fedora-gcc, r-devel-windows-x86_64, r-patched-linux-x86_64, r-release-linux-x86_64, r-release-macos-arm64, r-release-macos-x86_64, r-release-windows-x86_64, r-oldrel-macos-arm64, r-oldrel-macos-x86_64, r-oldrel-windows-ix86+x86_64