Last updated on 2022-05-17 04:50:41 CEST.
Flavor | Version | Tinstall | Tcheck | Ttotal | Status | Flags |
---|---|---|---|---|---|---|
r-devel-linux-x86_64-debian-clang | 1.0 | 2.15 | 68.97 | 71.12 | NOTE | |
r-devel-linux-x86_64-debian-gcc | 1.0 | 2.58 | 51.14 | 53.72 | NOTE | |
r-devel-linux-x86_64-fedora-clang | 1.0 | 85.08 | NOTE | |||
r-devel-linux-x86_64-fedora-gcc | 1.0 | 83.79 | NOTE | |||
r-devel-windows-x86_64 | 1.0 | 14.00 | 87.00 | 101.00 | NOTE | |
r-patched-linux-x86_64 | 1.0 | 3.61 | 66.53 | 70.14 | NOTE | |
r-release-linux-x86_64 | 1.0 | 3.37 | 65.94 | 69.31 | NOTE | |
r-release-macos-arm64 | 1.0 | 29.00 | NOTE | |||
r-release-macos-x86_64 | 1.0 | 37.00 | NOTE | |||
r-release-windows-x86_64 | 1.0 | 10.00 | 88.00 | 98.00 | NOTE | |
r-oldrel-macos-arm64 | 1.0 | 30.00 | NOTE | |||
r-oldrel-macos-x86_64 | 1.0 | 47.00 | NOTE | |||
r-oldrel-windows-ix86+x86_64 | 1.0 | 8.00 | 79.00 | 87.00 | NOTE |
Version: 1.0
Check: LazyData
Result: NOTE
'LazyData' is specified without a 'data' directory
Flavors: r-devel-linux-x86_64-debian-clang, r-devel-linux-x86_64-debian-gcc, r-devel-linux-x86_64-fedora-clang, r-devel-linux-x86_64-fedora-gcc, r-devel-windows-x86_64, r-patched-linux-x86_64, r-release-linux-x86_64, r-release-macos-arm64, r-release-macos-x86_64, r-release-windows-x86_64, r-oldrel-macos-arm64, r-oldrel-macos-x86_64, r-oldrel-windows-ix86+x86_64