CRAN Package Check Results for Package report

Last updated on 2022-01-27 00:50:34 CET.

Flavor Version Tinstall Tcheck Ttotal Status Flags
r-devel-linux-x86_64-debian-clang 0.4.0 8.52 105.56 114.08 WARN
r-devel-linux-x86_64-debian-gcc 0.4.0 7.81 79.05 86.86 WARN
r-devel-linux-x86_64-fedora-clang 0.4.0 144.70 WARN
r-devel-linux-x86_64-fedora-gcc 0.4.0 129.63 WARN
r-devel-windows-x86_64-new-UL 0.4.0 115.00 150.00 265.00 WARN
r-devel-windows-x86_64-new-TK 0.4.0 WARN
r-patched-linux-x86_64 0.4.0 8.73 101.62 110.35 WARN
r-release-linux-x86_64 0.4.0 8.14 101.41 109.55 WARN
r-release-macos-arm64 0.4.0 OK
r-release-macos-x86_64 0.4.0 OK
r-release-windows-ix86+x86_64 0.4.0 16.00 124.00 140.00 WARN
r-oldrel-macos-x86_64 0.4.0 OK
r-oldrel-windows-ix86+x86_64 0.4.0 16.00 124.00 140.00 WARN

Check Details

Version: 0.4.0
Check: examples
Result: WARN
    Found the following significant warnings:
    
     Warning: 'effectsize::interpret_d' is deprecated.
     Warning: 'effectsize::interpret_d' is deprecated.
     Warning: 'effectsize::interpret_d' is deprecated.
     Warning: 'effectsize::interpret_d' is deprecated.
     Warning: 'effectsize::interpret_d' is deprecated.
     Warning: 'effectsize::interpret_d' is deprecated.
     Warning: 'effectsize::interpret_d' is deprecated.
     Warning: 'effectsize::interpret_d' is deprecated.
     Warning: 'effectsize::interpret_d' is deprecated.
     Warning: 'effectsize::interpret_d' is deprecated.
     Warning: 'effectsize::interpret_d' is deprecated.
     Warning: 'effectsize::interpret_d' is deprecated.
     Warning: 'effectsize::interpret_d' is deprecated.
     Warning: 'effectsize::interpret_d' is deprecated.
    Deprecated functions may be defunct as soon as of the next release of
    R.
    See ?Deprecated.
    Examples with CPU (user + system) or elapsed time > 5s
     user system elapsed
    report_priors 5.248 0.29 6.499
Flavor: r-devel-linux-x86_64-debian-clang

Version: 0.4.0
Check: examples
Result: WARN
    Found the following significant warnings:
    
     Warning: 'effectsize::interpret_d' is deprecated.
     Warning: 'effectsize::interpret_d' is deprecated.
     Warning: 'effectsize::interpret_d' is deprecated.
     Warning: 'effectsize::interpret_d' is deprecated.
     Warning: 'effectsize::interpret_d' is deprecated.
     Warning: 'effectsize::interpret_d' is deprecated.
     Warning: 'effectsize::interpret_d' is deprecated.
     Warning: 'effectsize::interpret_d' is deprecated.
     Warning: 'effectsize::interpret_d' is deprecated.
     Warning: 'effectsize::interpret_d' is deprecated.
     Warning: 'effectsize::interpret_d' is deprecated.
     Warning: 'effectsize::interpret_d' is deprecated.
     Warning: 'effectsize::interpret_d' is deprecated.
     Warning: 'effectsize::interpret_d' is deprecated.
    Deprecated functions may be defunct as soon as of the next release of
    R.
    See ?Deprecated.
    Examples with CPU (user + system) or elapsed time > 5s
     user system elapsed
    report_priors 3.72 0.164 5.962
Flavor: r-devel-linux-x86_64-debian-gcc

Version: 0.4.0
Check: examples
Result: WARN
    Found the following significant warnings:
    
     Warning: 'effectsize::interpret_d' is deprecated.
     Warning: 'effectsize::interpret_d' is deprecated.
     Warning: 'effectsize::interpret_d' is deprecated.
     Warning: 'effectsize::interpret_d' is deprecated.
     Warning: 'effectsize::interpret_d' is deprecated.
     Warning: 'effectsize::interpret_d' is deprecated.
     Warning: 'effectsize::interpret_d' is deprecated.
     Warning: 'effectsize::interpret_d' is deprecated.
     Warning: 'effectsize::interpret_d' is deprecated.
     Warning: 'effectsize::interpret_d' is deprecated.
     Warning: 'effectsize::interpret_d' is deprecated.
     Warning: 'effectsize::interpret_d' is deprecated.
     Warning: 'effectsize::interpret_d' is deprecated.
     Warning: 'effectsize::interpret_d' is deprecated.
    Deprecated functions may be defunct as soon as of the next release of
    R.
    See ?Deprecated.
Flavors: r-devel-linux-x86_64-fedora-clang, r-devel-linux-x86_64-fedora-gcc, r-devel-windows-x86_64-new-UL, r-devel-windows-x86_64-new-TK, r-release-windows-ix86+x86_64, r-oldrel-windows-ix86+x86_64

Version: 0.4.0
Check: package dependencies
Result: NOTE
    Packages suggested but not available for checking:
     'ivreg', 'lme4', 'rstanarm'
Flavor: r-devel-windows-x86_64-new-TK

Version: 0.4.0
Check: re-building of vignette outputs
Result: WARN
    Error(s) in re-building vignettes:
    --- re-building 'cite_packages.Rmd' using rmarkdown
    
    Attaching package: 'dplyr'
    
    The following objects are masked from 'package:stats':
    
     filter, lag
    
    The following objects are masked from 'package:base':
    
     intersect, setdiff, setequal, union
    
    --- finished re-building 'cite_packages.Rmd'
    
    --- re-building 'new_models.Rmd' using rmarkdown
    --- finished re-building 'new_models.Rmd'
    
    --- re-building 'report.Rmd' using rmarkdown
    Warning: 'effectsize::interpret_d' is deprecated.
    Use 'interpret_cohens_d' instead.
    See help("Deprecated")
    Warning: 'effectsize::interpret_d' is deprecated.
    Use 'interpret_cohens_d' instead.
    See help("Deprecated")
    Warning: 'effectsize::interpret_d' is deprecated.
    Use 'interpret_cohens_d' instead.
    See help("Deprecated")
    Quitting from lines 133-138 (report.Rmd)
    Error: processing vignette 'report.Rmd' failed with diagnostics:
    there is no package called 'lme4'
    --- failed re-building 'report.Rmd'
    
    SUMMARY: processing the following file failed:
     'report.Rmd'
    
    Error: Vignette re-building failed.
    Execution halted
Flavor: r-devel-windows-x86_64-new-TK

Version: 0.4.0
Check: examples
Result: WARN
    Found the following significant warnings:
    
     Warning: 'effectsize::interpret_d' is deprecated.
     Warning: 'effectsize::interpret_d' is deprecated.
     Warning: 'effectsize::interpret_d' is deprecated.
     Warning: 'effectsize::interpret_d' is deprecated.
     Warning: 'effectsize::interpret_d' is deprecated.
     Warning: 'effectsize::interpret_d' is deprecated.
     Warning: 'effectsize::interpret_d' is deprecated.
     Warning: 'effectsize::interpret_d' is deprecated.
     Warning: 'effectsize::interpret_d' is deprecated.
     Warning: 'effectsize::interpret_d' is deprecated.
     Warning: 'effectsize::interpret_d' is deprecated.
     Warning: 'effectsize::interpret_d' is deprecated.
     Warning: 'effectsize::interpret_d' is deprecated.
     Warning: 'effectsize::interpret_d' is deprecated.
    Deprecated functions may be defunct as soon as of the next release of
    R.
    See ?Deprecated.
    Examples with CPU (user + system) or elapsed time > 5s
     user system elapsed
    report_priors 4.867 0.255 5.472
Flavor: r-patched-linux-x86_64

Version: 0.4.0
Check: examples
Result: WARN
    Found the following significant warnings:
    
     Warning: 'effectsize::interpret_d' is deprecated.
     Warning: 'effectsize::interpret_d' is deprecated.
     Warning: 'effectsize::interpret_d' is deprecated.
     Warning: 'effectsize::interpret_d' is deprecated.
     Warning: 'effectsize::interpret_d' is deprecated.
     Warning: 'effectsize::interpret_d' is deprecated.
     Warning: 'effectsize::interpret_d' is deprecated.
     Warning: 'effectsize::interpret_d' is deprecated.
     Warning: 'effectsize::interpret_d' is deprecated.
     Warning: 'effectsize::interpret_d' is deprecated.
     Warning: 'effectsize::interpret_d' is deprecated.
     Warning: 'effectsize::interpret_d' is deprecated.
     Warning: 'effectsize::interpret_d' is deprecated.
     Warning: 'effectsize::interpret_d' is deprecated.
    Deprecated functions may be defunct as soon as of the next release of
    R.
    See ?Deprecated.
    Examples with CPU (user + system) or elapsed time > 5s
     user system elapsed
    report_priors 4.535 0.163 5.589
Flavor: r-release-linux-x86_64