Last updated on 2022-05-17 00:51:19 CEST.
Flavor | Version | Tinstall | Tcheck | Ttotal | Status | Flags |
---|---|---|---|---|---|---|
r-devel-linux-x86_64-debian-clang | 0.1.3 | 46.79 | 274.40 | 321.19 | WARN | |
r-devel-linux-x86_64-debian-gcc | 0.1.3 | 39.07 | 195.49 | 234.56 | OK | |
r-devel-linux-x86_64-fedora-clang | 0.1.3 | 400.33 | WARN | |||
r-devel-linux-x86_64-fedora-gcc | 0.1.3 | 379.02 | OK | |||
r-devel-windows-x86_64 | 0.1.3 | 59.00 | 288.00 | 347.00 | OK | |
r-patched-linux-x86_64 | 0.1.3 | 39.56 | 256.94 | 296.50 | OK | |
r-release-linux-x86_64 | 0.1.3 | 40.28 | 261.86 | 302.14 | OK | |
r-release-macos-arm64 | 0.1.3 | 121.00 | OK | |||
r-release-macos-x86_64 | 0.1.3 | 178.00 | OK | |||
r-release-windows-x86_64 | 0.1.3 | 58.00 | 295.00 | 353.00 | OK | |
r-oldrel-macos-arm64 | 0.1.3 | 103.00 | OK | |||
r-oldrel-macos-x86_64 | 0.1.3 | 130.00 | OK | |||
r-oldrel-windows-ix86+x86_64 | 0.1.3 | 120.00 | 332.00 | 452.00 | OK |
Version: 0.1.3
Check: whether package can be installed
Result: WARN
Found the following significant warnings:
within_category_compare.cpp:52:21: warning: use of bitwise '|' with boolean operands [-Wbitwise-instead-of-logical]
Flavors: r-devel-linux-x86_64-debian-clang, r-devel-linux-x86_64-fedora-clang