CRAN Package Check Results for Package respirometry

Last updated on 2022-06-27 08:50:09 CEST.

Flavor Version Tinstall Tcheck Ttotal Status Flags
r-devel-linux-x86_64-debian-clang 1.3.0 9.71 72.07 81.78 NOTE
r-devel-linux-x86_64-debian-gcc 1.3.0 6.97 53.28 60.25 NOTE
r-devel-linux-x86_64-fedora-clang 1.3.0 107.15 NOTE
r-devel-linux-x86_64-fedora-gcc 1.3.0 104.42 NOTE
r-devel-windows-x86_64 1.3.0 48.00 98.00 146.00 NOTE
r-patched-linux-x86_64 1.3.0 5.81 66.77 72.58 NOTE
r-release-linux-x86_64 1.3.0 5.84 68.78 74.62 NOTE
r-release-macos-arm64 1.3.0 32.00 NOTE
r-release-macos-x86_64 1.3.0 48.00 NOTE
r-release-windows-x86_64 1.3.0 46.00 96.00 142.00 NOTE
r-oldrel-macos-arm64 1.3.0 37.00 NOTE
r-oldrel-macos-x86_64 1.3.0 55.00 NOTE
r-oldrel-windows-ix86+x86_64 1.3.0 20.00 92.00 112.00 NOTE

Check Details

Version: 1.3.0
Check: LazyData
Result: NOTE
     'LazyData' is specified without a 'data' directory
Flavors: r-devel-linux-x86_64-debian-clang, r-devel-linux-x86_64-debian-gcc, r-devel-linux-x86_64-fedora-clang, r-devel-linux-x86_64-fedora-gcc, r-devel-windows-x86_64, r-patched-linux-x86_64, r-release-linux-x86_64, r-release-macos-arm64, r-release-macos-x86_64, r-release-windows-x86_64, r-oldrel-macos-arm64, r-oldrel-macos-x86_64, r-oldrel-windows-ix86+x86_64