CRAN Package Check Results for Package reverseR

Last updated on 2024-04-16 11:55:29 CEST.

Flavor Version Tinstall Tcheck Ttotal Status Flags
r-devel-linux-x86_64-debian-clang 0.1 4.35 65.85 70.20 NOTE
r-devel-linux-x86_64-debian-gcc 0.1 3.94 49.02 52.96 NOTE
r-devel-linux-x86_64-fedora-clang 0.1 87.19 NOTE
r-devel-linux-x86_64-fedora-gcc 0.1 83.68 NOTE
r-prerel-macos-arm64 0.1 25.00 NOTE
r-prerel-windows-x86_64 0.1 7.00 66.00 73.00 NOTE
r-patched-linux-x86_64 0.1 6.12 62.17 68.29 NOTE
r-release-linux-x86_64 0.1 6.03 62.59 68.62 NOTE
r-release-macos-arm64 0.1 27.00 NOTE
r-release-macos-x86_64 0.1 38.00 NOTE
r-release-windows-x86_64 0.1 8.00 76.00 84.00 NOTE
r-oldrel-macos-arm64 0.1 23.00 NOTE
r-oldrel-windows-x86_64 0.1 9.00 81.00 90.00 NOTE

Check Details

Version: 0.1
Check: LazyData
Result: NOTE 'LazyData' is specified without a 'data' directory Flavors: r-devel-linux-x86_64-debian-clang, r-devel-linux-x86_64-debian-gcc, r-devel-linux-x86_64-fedora-clang, r-devel-linux-x86_64-fedora-gcc, r-prerel-macos-arm64, r-prerel-windows-x86_64, r-patched-linux-x86_64, r-release-linux-x86_64, r-release-macos-arm64, r-release-macos-x86_64, r-release-windows-x86_64, r-oldrel-macos-arm64, r-oldrel-windows-x86_64

Version: 0.1
Check: dependencies in R code
Result: NOTE Namespace in Imports field not imported from: ‘DT’ All declared Imports should be used. Flavors: r-devel-linux-x86_64-fedora-clang, r-devel-linux-x86_64-fedora-gcc, r-oldrel-macos-arm64