Last updated on 2022-05-18 20:53:36 CEST.
Flavor | Version | Tinstall | Tcheck | Ttotal | Status | Flags |
---|---|---|---|---|---|---|
r-devel-linux-x86_64-debian-clang | 0.2.0 | 5.73 | 65.50 | 71.23 | OK | |
r-devel-linux-x86_64-debian-gcc | 0.2.0 | 4.04 | 48.49 | 52.53 | OK | |
r-devel-linux-x86_64-fedora-clang | 0.2.0 | 87.90 | NOTE | |||
r-devel-linux-x86_64-fedora-gcc | 0.2.0 | 80.46 | NOTE | |||
r-devel-windows-x86_64 | 0.2.0 | 16.00 | 83.00 | 99.00 | OK | |
r-patched-linux-x86_64 | 0.2.0 | 3.95 | 61.59 | 65.54 | OK | |
r-release-linux-x86_64 | 0.2.0 | 4.20 | 58.84 | 63.04 | OK | |
r-release-macos-arm64 | 0.2.0 | 22.00 | NOTE | |||
r-release-macos-x86_64 | 0.2.0 | 43.00 | NOTE | |||
r-release-windows-x86_64 | 0.2.0 | 24.00 | 83.00 | 107.00 | OK | |
r-oldrel-macos-arm64 | 0.2.0 | 26.00 | NOTE | |||
r-oldrel-macos-x86_64 | 0.2.0 | 33.00 | NOTE | |||
r-oldrel-windows-ix86+x86_64 | 0.2.0 | 16.00 | 76.00 | 92.00 | OK |
Version: 0.2.0
Check: dependencies in R code
Result: NOTE
Namespace in Imports field not imported from: ‘sf’
All declared Imports should be used.
Flavors: r-devel-linux-x86_64-fedora-clang, r-devel-linux-x86_64-fedora-gcc, r-release-macos-arm64, r-release-macos-x86_64, r-oldrel-macos-arm64, r-oldrel-macos-x86_64