CRAN Package Check Results for Package rflexscan

Last updated on 2022-05-20 18:49:24 CEST.

Flavor Version Tinstall Tcheck Ttotal Status Flags
r-devel-linux-x86_64-debian-clang 1.0.0 18.82 59.15 77.97 OK
r-devel-linux-x86_64-debian-gcc 1.0.0 19.69 45.72 65.41 OK
r-devel-linux-x86_64-fedora-clang 1.0.0 114.59 NOTE
r-devel-linux-x86_64-fedora-gcc 1.0.0 101.20 NOTE
r-devel-windows-x86_64 1.0.0 35.00 99.00 134.00 OK
r-patched-linux-x86_64 1.0.0 20.32 58.79 79.11 OK
r-release-linux-x86_64 1.0.0 20.63 59.26 79.89 OK
r-release-macos-arm64 1.0.0 32.00 NOTE
r-release-macos-x86_64 1.0.0 41.00 NOTE
r-release-windows-x86_64 1.0.0 36.00 105.00 141.00 OK
r-oldrel-macos-arm64 1.0.0 53.00 NOTE
r-oldrel-macos-x86_64 1.0.0 42.00 NOTE
r-oldrel-windows-ix86+x86_64 1.0.0 57.00 112.00 169.00 OK

Check Details

Version: 1.0.0
Check: dependencies in R code
Result: NOTE
    Namespace in Imports field not imported from: ‘rgdal’
     All declared Imports should be used.
Flavors: r-devel-linux-x86_64-fedora-clang, r-devel-linux-x86_64-fedora-gcc, r-release-macos-arm64, r-release-macos-x86_64, r-oldrel-macos-arm64, r-oldrel-macos-x86_64